CRAN Package Check Results for Package mvnpermute

Last updated on 2021-11-29 20:50:49 CET.

Flavor Version Tinstall Tcheck Ttotal Status Flags
r-devel-linux-x86_64-debian-clang 1.0.0 1.72 19.11 20.83 NOTE
r-devel-linux-x86_64-debian-gcc 1.0.0 1.41 15.53 16.94 NOTE
r-devel-linux-x86_64-fedora-clang 1.0.0 37.13 NOTE
r-devel-linux-x86_64-fedora-gcc 1.0.0 26.18 NOTE
r-devel-windows-x86_64-new-UL 1.0.0 4.00 48.00 52.00 NOTE
r-devel-windows-x86_64-new-TK 1.0.0 NOTE
r-devel-windows-x86_64-old 1.0.0 3.00 26.00 29.00 NOTE
r-patched-linux-x86_64 1.0.0 1.63 18.44 20.07 NOTE
r-patched-solaris-x86 1.0.0 40.30 NOTE
r-release-linux-x86_64 1.0.0 1.48 18.45 19.93 NOTE
r-release-macos-arm64 1.0.0 NOTE
r-release-macos-x86_64 1.0.0 NOTE
r-release-windows-ix86+x86_64 1.0.0 5.00 25.00 30.00 NOTE
r-oldrel-macos-x86_64 1.0.0 NOTE
r-oldrel-windows-ix86+x86_64 1.0.0 4.00 22.00 26.00 NOTE

Check Details

Version: 1.0.0
Check: R code for possible problems
Result: NOTE
    mvnpermute: no visible global function definition for 'lm'
    mvnpermute: no visible global function definition for 'coef'
    mvnpermute: no visible global function definition for 'resid'
    Undefined global functions or variables:
     coef lm resid
    Consider adding
     importFrom("stats", "coef", "lm", "resid")
    to your NAMESPACE file.
Flavors: r-devel-linux-x86_64-debian-clang, r-devel-linux-x86_64-debian-gcc, r-devel-linux-x86_64-fedora-clang, r-devel-linux-x86_64-fedora-gcc, r-devel-windows-x86_64-new-UL, r-devel-windows-x86_64-new-TK, r-devel-windows-x86_64-old, r-patched-linux-x86_64, r-patched-solaris-x86, r-release-linux-x86_64, r-release-macos-arm64, r-release-macos-x86_64, r-release-windows-ix86+x86_64, r-oldrel-macos-x86_64, r-oldrel-windows-ix86+x86_64