CRAN Package Check Results for Package mvabund

Last updated on 2020-12-01 19:48:22 CET.

Flavor Version Tinstall Tcheck Ttotal Status Flags
r-devel-linux-x86_64-debian-clang 4.1.3 131.81 145.24 277.05 ERROR
r-devel-linux-x86_64-debian-gcc 4.1.3 63.77 106.87 170.64 ERROR
r-devel-linux-x86_64-fedora-clang 4.1.3 326.88 ERROR
r-devel-linux-x86_64-fedora-gcc 4.1.3 296.50 ERROR
r-devel-windows-ix86+x86_64 4.1.3 219.00 200.00 419.00 ERROR
r-patched-linux-x86_64 4.1.3 172.56 171.39 343.95 OK
r-patched-solaris-x86 4.1.3 386.20 OK
r-release-linux-x86_64 4.1.3 79.94 161.00 240.94 OK
r-release-macos-x86_64 4.1.3 NOTE
r-release-windows-ix86+x86_64 4.1.3 217.00 256.00 473.00 OK
r-oldrel-macos-x86_64 4.1.3 NOTE
r-oldrel-windows-ix86+x86_64 4.1.3 160.00 302.00 462.00 OK

Check Details

Version: 4.1.3
Check: examples
Result: ERROR
    Running examples in 'mvabund-Ex.R' failed
    The error most likely occurred in:
    
    > base::assign(".ptime", proc.time(), pos = "CheckExEnv")
    > ### Name: coefplot.manyglm
    > ### Title: Plots the coefficients of the covariates of a manyglm object
    > ### with confidence intervals.
    > ### Aliases: coefplot.manyglm coefplot
    > ### Keywords: models regression multivariate hplot
    >
    > ### ** Examples
    >
    > ## Load the hunting spider data set
    > data(spider)
    > spiddat <- mvabund(spider$abund)
    > X <- spider$x
    > #To fit a log-linear model assuming counts are negative binomial:
    > glm.spid <- manyglm(spiddat~X, family="negative.binomial")
    > # A coefplot of soil.dry and bare.sand parameters:
    > coefplot.manyglm(glm.spid, which.Xcoef=2:3) # note which.Xcoef=1 is the intercept
    Error in xy.coords(x, y, xlabel, ylabel, log) :
     'x' and 'y' lengths differ
    Calls: coefplot.manyglm -> plot -> plot -> plot.default -> xy.coords
    Execution halted
Flavors: r-devel-linux-x86_64-debian-clang, r-devel-linux-x86_64-debian-gcc

Version: 4.1.3
Check: examples
Result: ERROR
    Running examples in ‘mvabund-Ex.R’ failed
    The error most likely occurred in:
    
    > ### Name: coefplot.manyglm
    > ### Title: Plots the coefficients of the covariates of a manyglm object
    > ### with confidence intervals.
    > ### Aliases: coefplot.manyglm coefplot
    > ### Keywords: models regression multivariate hplot
    >
    > ### ** Examples
    >
    > ## Load the hunting spider data set
    > data(spider)
    > spiddat <- mvabund(spider$abund)
    > X <- spider$x
    > #To fit a log-linear model assuming counts are negative binomial:
    > glm.spid <- manyglm(spiddat~X, family="negative.binomial")
    > # A coefplot of soil.dry and bare.sand parameters:
    > coefplot.manyglm(glm.spid, which.Xcoef=2:3) # note which.Xcoef=1 is the intercept
    Error in xy.coords(x, y, xlabel, ylabel, log) :
     'x' and 'y' lengths differ
    Calls: coefplot.manyglm -> plot -> plot -> plot.default -> xy.coords
    Execution halted
Flavors: r-devel-linux-x86_64-fedora-clang, r-devel-linux-x86_64-fedora-gcc

Version: 4.1.3
Check: running examples for arch ‘i386’
Result: ERROR
    Running examples in 'mvabund-Ex.R' failed
    The error most likely occurred in:
    
    > ### Name: coefplot.manyglm
    > ### Title: Plots the coefficients of the covariates of a manyglm object
    > ### with confidence intervals.
    > ### Aliases: coefplot.manyglm coefplot
    > ### Keywords: models regression multivariate hplot
    >
    > ### ** Examples
    >
    > ## Load the hunting spider data set
    > data(spider)
    > spiddat <- mvabund(spider$abund)
    > X <- spider$x
    > #To fit a log-linear model assuming counts are negative binomial:
    > glm.spid <- manyglm(spiddat~X, family="negative.binomial")
    > # A coefplot of soil.dry and bare.sand parameters:
    > coefplot.manyglm(glm.spid, which.Xcoef=2:3) # note which.Xcoef=1 is the intercept
    Error in xy.coords(x, y, xlabel, ylabel, log) :
     'x' and 'y' lengths differ
    Calls: coefplot.manyglm -> plot -> plot -> plot.default -> xy.coords
    Execution halted
Flavor: r-devel-windows-ix86+x86_64

Version: 4.1.3
Check: running examples for arch ‘x64’
Result: ERROR
    Running examples in 'mvabund-Ex.R' failed
    The error most likely occurred in:
    
    > ### Name: coefplot.manyglm
    > ### Title: Plots the coefficients of the covariates of a manyglm object
    > ### with confidence intervals.
    > ### Aliases: coefplot.manyglm coefplot
    > ### Keywords: models regression multivariate hplot
    >
    > ### ** Examples
    >
    > ## Load the hunting spider data set
    > data(spider)
    > spiddat <- mvabund(spider$abund)
    > X <- spider$x
    > #To fit a log-linear model assuming counts are negative binomial:
    > glm.spid <- manyglm(spiddat~X, family="negative.binomial")
    > # A coefplot of soil.dry and bare.sand parameters:
    > coefplot.manyglm(glm.spid, which.Xcoef=2:3) # note which.Xcoef=1 is the intercept
    Error in xy.coords(x, y, xlabel, ylabel, log) :
     'x' and 'y' lengths differ
    Calls: coefplot.manyglm -> plot -> plot -> plot.default -> xy.coords
    Execution halted
Flavor: r-devel-windows-ix86+x86_64

Version: 4.1.3
Check: installed package size
Result: NOTE
     installed size is 6.6Mb
     sub-directories of 1Mb or more:
     libs 5.5Mb
Flavors: r-release-macos-x86_64, r-oldrel-macos-x86_64