CRAN Package Check Results for Package multiwayvcov

Last updated on 2024-02-26 19:50:15 CET.

Flavor Version Tinstall Tcheck Ttotal Status Flags
r-devel-linux-x86_64-debian-clang 1.2.3 2.62 27.84 30.46 OK
r-devel-linux-x86_64-debian-gcc 1.2.3 2.20 21.68 23.88 OK
r-devel-linux-x86_64-fedora-clang 1.2.3 39.03 NOTE
r-devel-linux-x86_64-fedora-gcc 1.2.3 36.74 OK
r-devel-windows-x86_64 1.2.3 3.00 42.00 45.00 OK
r-patched-linux-x86_64 1.2.3 2.44 27.40 29.84 OK
r-release-linux-x86_64 1.2.3 3.04 26.98 30.02 OK
r-release-macos-arm64 1.2.3 16.00 OK
r-release-macos-x86_64 1.2.3 24.00 OK
r-release-windows-x86_64 1.2.3 4.00 44.00 48.00 OK
r-oldrel-macos-arm64 1.2.3 19.00 OK
r-oldrel-windows-x86_64 1.2.3 4.00 47.00 51.00 OK

Check Details

Version: 1.2.3
Check: Rd cross-references
Result: NOTE Undeclared package ‘lfe’ in Rd xrefs Flavor: r-devel-linux-x86_64-fedora-clang