Last updated on 2023-03-30 08:53:43 CEST.
Flavor | Version | Tinstall | Tcheck | Ttotal | Status | Flags |
---|---|---|---|---|---|---|
r-devel-linux-x86_64-debian-clang | 1.2.3 | 2.91 | 27.38 | 30.29 | OK | |
r-devel-linux-x86_64-debian-gcc | 1.2.3 | 2.26 | 21.39 | 23.65 | OK | |
r-devel-linux-x86_64-fedora-clang | 1.2.3 | 38.83 | NOTE | |||
r-devel-linux-x86_64-fedora-gcc | 1.2.3 | 36.26 | OK | |||
r-devel-windows-x86_64 | 1.2.3 | 30.00 | 0.00 | 30.00 | OK | |
r-patched-linux-x86_64 | 1.2.3 | 2.71 | 26.35 | 29.06 | OK | |
r-release-linux-x86_64 | 1.2.3 | 2.64 | 27.99 | 30.63 | OK | |
r-release-macos-arm64 | 1.2.3 | 17.00 | OK | |||
r-release-macos-x86_64 | 1.2.3 | 25.00 | OK | |||
r-release-windows-x86_64 | 1.2.3 | 24.00 | 53.00 | 77.00 | OK | |
r-oldrel-macos-arm64 | 1.2.3 | 24.00 | OK | |||
r-oldrel-macos-x86_64 | 1.2.3 | 30.00 | OK | |||
r-oldrel-windows-ix86+x86_64 | 1.2.3 | 6.00 | 52.00 | 58.00 | OK |
Version: 1.2.3
Check: Rd cross-references
Result: NOTE
Undeclared package ‘lfe’ in Rd xrefs
Flavor: r-devel-linux-x86_64-fedora-clang