Last updated on 2021-01-26 07:50:22 CET.
Flavor | Version | Tinstall | Tcheck | Ttotal | Status | Flags |
---|---|---|---|---|---|---|
r-devel-linux-x86_64-debian-clang | 0.0.2 | 37.05 | 26.53 | 63.58 | OK | |
r-devel-linux-x86_64-debian-gcc | 0.0.2 | 24.17 | 21.08 | 45.25 | OK | |
r-devel-linux-x86_64-fedora-clang | 0.0.2 | 92.03 | NOTE | |||
r-devel-linux-x86_64-fedora-gcc | 0.0.2 | 77.99 | NOTE | |||
r-devel-windows-ix86+x86_64 | 0.0.2 | 83.00 | 68.00 | 151.00 | OK | |
r-patched-linux-x86_64 | 0.0.2 | 29.41 | 25.72 | 55.13 | OK | |
r-patched-solaris-x86 | 0.0.2 | 79.70 | NOTE | |||
r-release-linux-x86_64 | 0.0.2 | 28.69 | 25.81 | 54.50 | OK | |
r-release-macos-x86_64 | 0.0.2 | NOTE | ||||
r-release-windows-ix86+x86_64 | 0.0.2 | 82.00 | 52.00 | 134.00 | OK | |
r-oldrel-macos-x86_64 | 0.0.2 | NOTE | ||||
r-oldrel-windows-ix86+x86_64 | 0.0.2 | 58.00 | 67.00 | 125.00 | OK |
Version: 0.0.2
Check: dependencies in R code
Result: NOTE
Namespaces in Imports field not imported from:
‘stats’ ‘utils’
All declared Imports should be used.
Flavors: r-devel-linux-x86_64-fedora-clang, r-devel-linux-x86_64-fedora-gcc, r-patched-solaris-x86, r-release-macos-x86_64, r-oldrel-macos-x86_64