CRAN Package Check Results for Package multirich

Last updated on 2021-09-20 20:48:53 CEST.

Flavor Version Tinstall Tcheck Ttotal Status Flags
r-devel-linux-x86_64-debian-clang 2.1.3 2.62 26.62 29.24 OK
r-devel-linux-x86_64-debian-gcc 2.1.3 2.09 21.22 23.31 OK
r-devel-linux-x86_64-fedora-clang 2.1.3 44.75 OK
r-devel-linux-x86_64-fedora-gcc 2.1.3 34.51 OK
r-devel-windows-x86_64 2.1.3 4.00 32.00 36.00 OK
r-devel-windows-x86_64-gcc10-UCRT 2.1.3 ERROR
r-patched-linux-x86_64 2.1.3 2.55 25.63 28.18 OK
r-patched-solaris-x86 2.1.3 51.10 OK
r-release-linux-x86_64 2.1.3 2.18 25.95 28.13 OK
r-release-macos-arm64 2.1.3 OK
r-release-macos-x86_64 2.1.3 OK
r-release-windows-ix86+x86_64 2.1.3 6.00 32.00 38.00 OK
r-oldrel-macos-x86_64 2.1.3 OK
r-oldrel-windows-ix86+x86_64 2.1.3 6.00 32.00 38.00 OK

Check Details

Version: 2.1.3
Check: whether package can be installed
Result: WARN
    Found the following significant warnings:
     WARNING: installation-time patches will not be applied, could not get the patches index
Flavor: r-devel-windows-x86_64-gcc10-UCRT

Version: 2.1.3
Check: PDF version of manual
Result: WARN
    LaTeX errors when creating PDF version.
    This typically indicates Rd problems.
Flavor: r-devel-windows-x86_64-gcc10-UCRT

Version: 2.1.3
Check: PDF version of manual without hyperrefs or index
Result: ERROR
    Re-running with no redirection of stdout/stderr.
Flavor: r-devel-windows-x86_64-gcc10-UCRT