CRAN Package Check Results for Package multinma

Last updated on 2020-12-04 19:48:35 CET.

Flavor Version Tinstall Tcheck Ttotal Status Flags
r-devel-linux-x86_64-debian-clang 0.1.3 494.08 220.01 714.09 NOTE
r-devel-linux-x86_64-debian-gcc 0.1.3 399.83 183.19 583.02 NOTE
r-devel-linux-x86_64-fedora-clang 0.1.3 1204.88 NOTE
r-devel-linux-x86_64-fedora-gcc 0.2.0 1061.46 NOTE
r-devel-windows-ix86+x86_64 0.1.3 1013.00 463.00 1476.00 NOTE
r-patched-linux-x86_64 0.1.3 436.09 234.20 670.29 NOTE
r-patched-solaris-x86 0.1.3 1182.70 NOTE
r-release-linux-x86_64 0.1.3 443.00 232.50 675.50 NOTE
r-release-macos-x86_64 0.1.3 NOTE
r-release-windows-ix86+x86_64 0.1.3 957.00 363.00 1320.00 NOTE
r-oldrel-macos-x86_64 0.1.3 NOTE
r-oldrel-windows-ix86+x86_64 0.1.3 1256.00 431.00 1687.00 NOTE

Check Details

Version: 0.1.3
Check: for GNU extensions in Makefiles
Result: NOTE
    GNU make is a SystemRequirements.
Flavors: r-devel-linux-x86_64-debian-clang, r-devel-linux-x86_64-debian-gcc, r-devel-linux-x86_64-fedora-clang, r-devel-windows-ix86+x86_64, r-patched-linux-x86_64, r-patched-solaris-x86, r-release-linux-x86_64, r-release-macos-x86_64, r-release-windows-ix86+x86_64, r-oldrel-macos-x86_64, r-oldrel-windows-ix86+x86_64

Version: 0.1.3
Check: package dependencies
Result: NOTE
    Imports includes 21 non-default packages.
    Importing from so many packages makes the package vulnerable to any of
    them becoming unavailable. Move as many as possible to Suggests and
    use conditionally.
Flavor: r-devel-linux-x86_64-fedora-clang

Version: 0.1.3
Check: installed package size
Result: NOTE
     installed size is 118.5Mb
     sub-directories of 1Mb or more:
     doc 5.2Mb
     libs 112.2Mb
Flavors: r-devel-linux-x86_64-fedora-clang, r-devel-windows-ix86+x86_64, r-patched-solaris-x86, r-release-macos-x86_64, r-release-windows-ix86+x86_64, r-oldrel-macos-x86_64, r-oldrel-windows-ix86+x86_64

Version: 0.1.3
Check: dependencies in R code
Result: NOTE
    Namespace in Imports field not imported from: ‘rstantools’
     All declared Imports should be used.
Flavors: r-devel-linux-x86_64-fedora-clang, r-patched-solaris-x86, r-release-macos-x86_64, r-oldrel-macos-x86_64

Version: 0.2.0
Check: dependencies in R code
Result: NOTE
    Namespaces in Imports field not imported from:
     ‘RcppParallel’ ‘rstantools’
     All declared Imports should be used.
Flavor: r-devel-linux-x86_64-fedora-gcc

Version: 0.2.0
Check: for GNU extensions in Makefiles
Result: NOTE
    GNU make is a SystemRequirements.
Flavor: r-devel-linux-x86_64-fedora-gcc