Last updated on 2023-12-03 19:48:39 CET.
Flavor | Version | Tinstall | Tcheck | Ttotal | Status | Flags |
---|---|---|---|---|---|---|
r-devel-linux-x86_64-debian-clang | 0.2.2 | 37.92 | 35.83 | 73.75 | OK | |
r-devel-linux-x86_64-debian-gcc | 0.2.2 | 23.71 | 28.27 | 51.98 | OK | |
r-devel-linux-x86_64-fedora-clang | 0.2.2 | 125.98 | OK | |||
r-devel-linux-x86_64-fedora-gcc | 0.2.2 | 115.32 | OK | |||
r-devel-windows-x86_64 | 0.2.2 | 34.00 | 74.00 | 108.00 | OK | |
r-patched-linux-x86_64 | 0.2.2 | 28.46 | 36.02 | 64.48 | OK | |
r-release-linux-x86_64 | 0.2.2 | 32.15 | 35.98 | 68.13 | OK | |
r-release-macos-arm64 | 0.2.2 | 32.00 | OK | |||
r-release-macos-x86_64 | 0.2.2 | 48.00 | NOTE | |||
r-release-windows-x86_64 | 0.2.2 | 44.00 | 83.00 | 127.00 | OK | |
r-oldrel-macos-arm64 | 0.2.2 | 31.00 | OK | |||
r-oldrel-macos-x86_64 | 0.2.2 | 42.00 | OK | |||
r-oldrel-windows-x86_64 | 0.2.2 | 37.00 | 76.00 | 113.00 | OK |
Version: 0.2.2
Check: package dependencies
Result: NOTE
Package suggested but not available for checking: ‘statnet’
Flavor: r-release-macos-x86_64