CRAN Package Check Results for Package mstknnclust

Last updated on 2019-12-07 08:49:33 CET.

Flavor Version Tinstall Tcheck Ttotal Status Flags
r-devel-linux-x86_64-debian-clang 0.1.0 2.34 30.40 32.74 OK
r-devel-linux-x86_64-debian-gcc 0.2.0 1.81 23.97 25.78 OK
r-devel-linux-x86_64-fedora-clang 0.2.0 43.59 NOTE
r-devel-linux-x86_64-fedora-gcc 0.2.0 40.63 NOTE
r-devel-windows-ix86+x86_64 0.1.0 5.00 56.00 61.00 OK
r-devel-windows-ix86+x86_64-gcc8 0.1.0 7.00 57.00 64.00 OK
r-patched-linux-x86_64 0.2.0 1.84 29.31 31.15 OK
r-patched-solaris-x86 0.1.0 61.30 NOTE
r-release-linux-x86_64 0.1.0 1.94 28.87 30.81 OK
r-release-windows-ix86+x86_64 0.1.0 8.00 42.00 50.00 OK
r-release-osx-x86_64 0.2.0 NOTE
r-oldrel-windows-ix86+x86_64 0.2.0 2.00 44.00 46.00 OK
r-oldrel-osx-x86_64 0.2.0 NOTE

Check Details

Version: 0.2.0
Check: dependencies in R code
Result: NOTE
    Namespace in Imports field not imported from: ‘amap’
     All declared Imports should be used.
Flavors: r-devel-linux-x86_64-fedora-clang, r-devel-linux-x86_64-fedora-gcc, r-release-osx-x86_64, r-oldrel-osx-x86_64

Version: 0.1.0
Check: dependencies in R code
Result: NOTE
    Namespace in Imports field not imported from: ‘amap’
     All declared Imports should be used.
Flavor: r-patched-solaris-x86