CRAN Package Check Results for Package mstknnclust

Last updated on 2020-07-05 09:47:39 CEST.

Flavor Version Tinstall Tcheck Ttotal Status Flags
r-devel-linux-x86_64-debian-clang 0.2.0 2.27 31.99 34.26 OK
r-devel-linux-x86_64-debian-gcc 0.2.0 1.93 24.70 26.63 OK
r-devel-linux-x86_64-fedora-clang 0.2.0 48.99 NOTE
r-devel-linux-x86_64-fedora-gcc 0.2.0 39.67 NOTE
r-devel-windows-ix86+x86_64 0.2.0 8.00 41.00 49.00 OK
r-patched-linux-x86_64 0.2.0 2.41 31.29 33.70 OK
r-patched-solaris-x86 0.2.0 64.30 NOTE
r-release-linux-x86_64 0.2.0 2.44 31.06 33.50 OK
r-release-osx-x86_64 0.2.0 NOTE
r-release-windows-ix86+x86_64 0.2.0 6.00 42.00 48.00 OK
r-oldrel-osx-x86_64 0.2.0 NOTE
r-oldrel-windows-ix86+x86_64 0.2.0 5.00 59.00 64.00 OK

Check Details

Version: 0.2.0
Check: dependencies in R code
Result: NOTE
    Namespace in Imports field not imported from: ‘amap’
     All declared Imports should be used.
Flavors: r-devel-linux-x86_64-fedora-clang, r-devel-linux-x86_64-fedora-gcc, r-patched-solaris-x86, r-release-osx-x86_64, r-oldrel-osx-x86_64