CRAN Package Check Results for Package mssm

Last updated on 2021-09-21 20:51:13 CEST.

Flavor Version Tinstall Tcheck Ttotal Status Flags
r-devel-linux-x86_64-debian-clang 0.1.4 409.79 61.75 471.54 ERROR
r-devel-linux-x86_64-debian-gcc 0.1.4 272.79 46.95 319.74 ERROR
r-devel-linux-x86_64-fedora-clang 0.1.4 646.30 ERROR
r-devel-linux-x86_64-fedora-gcc 0.1.4 619.23 ERROR
r-devel-windows-x86_64 0.1.4 346.00 97.00 443.00 ERROR
r-devel-windows-x86_64-gcc10-UCRT 0.1.4 ERROR
r-patched-linux-x86_64 0.1.4 333.54 58.77 392.31 NOTE
r-patched-solaris-x86 0.1.4 488.90 NOTE
r-release-linux-x86_64 0.1.4 295.59 58.08 353.67 NOTE
r-release-macos-arm64 0.1.4 NOTE
r-release-macos-x86_64 0.1.4 NOTE
r-release-windows-ix86+x86_64 0.1.4 925.00 157.00 1082.00 NOTE
r-oldrel-macos-x86_64 0.1.4 NOTE
r-oldrel-windows-ix86+x86_64 0.1.4 921.00 166.00 1087.00 NOTE

Check Details

Version: 0.1.4
Check: LazyData
Result: NOTE
     'LazyData' is specified without a 'data' directory
Flavors: r-devel-linux-x86_64-debian-clang, r-devel-linux-x86_64-debian-gcc, r-devel-linux-x86_64-fedora-clang, r-devel-linux-x86_64-fedora-gcc, r-devel-windows-x86_64, r-patched-linux-x86_64, r-patched-solaris-x86, r-release-linux-x86_64, r-release-macos-arm64, r-release-macos-x86_64, r-release-windows-ix86+x86_64

Version: 0.1.4
Check: tests
Result: ERROR
     Running 'testthat.R' [13s/15s]
    Running the tests in 'tests/testthat.R' failed.
    Complete output:
     > library(testthat)
     > library(mssm)
     >
     > options(testthat.summary.max_reports = 1000L)
     > test_check("mssm", reporter = "summary")
     cpp:
     C++: .
     gets-old-FSKA:
     Test versus old results for kernel methods: .......
     gets-old-mssm:
     Test versus old results for 'mssm' methods: .............................S......................S......................S......................S......................S......................S......................S......................S......................SW.W1W.
     man-pages:
     Testing manual page results: S
     misc:
     Testing miscellaneous functions: ....................................................
     sample-methods:
     Testing sample methods: ....
    
     == Skipped =====================================================================
     1. get the same with 'poisson_log' (test-gets-old-mssm.R:217:5) - Reason: On CRAN
    
     2. get the same with 'poisson_sqrt' (test-gets-old-mssm.R:229:5) - Reason: On CRAN
    
     3. get the same with 'binomial_logit' (test-gets-old-mssm.R:240:5) - Reason: On CRAN
    
     4. get the same with 'binomial_cloglog' (test-gets-old-mssm.R:252:5) - Reason: On CRAN
    
     5. get the same with 'binomial_probit' (test-gets-old-mssm.R:265:5) - Reason: On CRAN
    
     6. get the same with 'Gamma_log' (test-gets-old-mssm.R:277:5) - Reason: On CRAN
    
     7. get the same with 'gaussian_identity' (test-gets-old-mssm.R:287:5) - Reason: On CRAN
    
     8. get the same with 'gaussian_log' (test-gets-old-mssm.R:298:5) - Reason: On CRAN
    
     9. get the same with 'gaussian_inverse' (test-gets-old-mssm.R:310:5) - Reason: On CRAN
    
     10. (code run outside of `test_that()`) (test-man-pages.R:4:3) - Reason: On CRAN
    
     == Warnings ====================================================================
     1. gets the same with Poisson data with offsets (test-gets-old-mssm.R:328:3) - strings not representable in native encoding will be translated to UTF-8
    
     2. gets the same with binomial data with weights (test-gets-old-mssm.R:341:3) - strings not representable in native encoding will be translated to UTF-8
    
     3. gets the same with antithetic variables (test-gets-old-mssm.R:356:3) - strings not representable in native encoding will be translated to UTF-8
    
     == Failed ======================================================================
     -- 1. Failure (test-gets-old-mssm.R:341:3): gets the same with binomial data wit
     `out` has changed from known value recorded in 'binomial-logit-grouped-w-weights.RDS'.
     Component "y": Attributes: < names for current but not for target >
     Component "y": Attributes: < Length mismatch: comparison on first 0 components >
     Component "y": target is numeric, current is AsIs
    
     == DONE ========================================================================
     Error: Test failures
     Execution halted
Flavor: r-devel-linux-x86_64-debian-clang

Version: 0.1.4
Check: tests
Result: ERROR
     Running ‘testthat.R’ [10s/14s]
    Running the tests in ‘tests/testthat.R’ failed.
    Complete output:
     > library(testthat)
     > library(mssm)
     >
     > options(testthat.summary.max_reports = 1000L)
     > test_check("mssm", reporter = "summary")
     cpp:
     C++: .
     gets-old-FSKA:
     Test versus old results for kernel methods: .......
     gets-old-mssm:
     Test versus old results for 'mssm' methods: .............................S......................S......................S......................S......................S......................S......................S......................S......................S.1.
     man-pages:
     Testing manual page results: S
     misc:
     Testing miscellaneous functions: ....................................................
     sample-methods:
     Testing sample methods: ....
    
     ══ Skipped ═════════════════════════════════════════════════════════════════════
     1. get the same with 'poisson_log' (test-gets-old-mssm.R:217:5) - Reason: On CRAN
    
     2. get the same with 'poisson_sqrt' (test-gets-old-mssm.R:229:5) - Reason: On CRAN
    
     3. get the same with 'binomial_logit' (test-gets-old-mssm.R:240:5) - Reason: On CRAN
    
     4. get the same with 'binomial_cloglog' (test-gets-old-mssm.R:252:5) - Reason: On CRAN
    
     5. get the same with 'binomial_probit' (test-gets-old-mssm.R:265:5) - Reason: On CRAN
    
     6. get the same with 'Gamma_log' (test-gets-old-mssm.R:277:5) - Reason: On CRAN
    
     7. get the same with 'gaussian_identity' (test-gets-old-mssm.R:287:5) - Reason: On CRAN
    
     8. get the same with 'gaussian_log' (test-gets-old-mssm.R:298:5) - Reason: On CRAN
    
     9. get the same with 'gaussian_inverse' (test-gets-old-mssm.R:310:5) - Reason: On CRAN
    
     10. (code run outside of `test_that()`) (test-man-pages.R:4:3) - Reason: On CRAN
    
     ══ Failed ══════════════════════════════════════════════════════════════════════
     ── 1. Failure (test-gets-old-mssm.R:341:3): gets the same with binomial data wit
     `out` has changed from known value recorded in 'binomial-logit-grouped-w-weights.RDS'.
     Component "y": Attributes: < names for current but not for target >
     Component "y": Attributes: < Length mismatch: comparison on first 0 components >
     Component "y": target is numeric, current is AsIs
    
     ══ DONE ════════════════════════════════════════════════════════════════════════
     Error: Test failures
     Execution halted
Flavor: r-devel-linux-x86_64-debian-gcc

Version: 0.1.4
Check: installed package size
Result: NOTE
     installed size is 15.2Mb
     sub-directories of 1Mb or more:
     help 1.0Mb
     libs 14.1Mb
Flavors: r-devel-linux-x86_64-fedora-clang, r-release-macos-arm64, r-release-macos-x86_64, r-release-windows-ix86+x86_64, r-oldrel-macos-x86_64, r-oldrel-windows-ix86+x86_64

Version: 0.1.4
Check: tests
Result: ERROR
     Running ‘testthat.R’ [16s/19s]
    Running the tests in ‘tests/testthat.R’ failed.
    Complete output:
     > library(testthat)
     > library(mssm)
     >
     > options(testthat.summary.max_reports = 1000L)
     > test_check("mssm", reporter = "summary")
     cpp:
     C++: .
     gets-old-FSKA:
     Test versus old results for kernel methods: .......
     gets-old-mssm:
     Test versus old results for 'mssm' methods: .............................S......................S......................S......................S......................S......................S......................S......................S......................S.1.
     man-pages:
     Testing manual page results: S
     misc:
     Testing miscellaneous functions: ....................................................
     sample-methods:
     Testing sample methods: ....
    
     ══ Skipped ═════════════════════════════════════════════════════════════════════
     1. get the same with 'poisson_log' (test-gets-old-mssm.R:217:5) - Reason: On CRAN
    
     2. get the same with 'poisson_sqrt' (test-gets-old-mssm.R:229:5) - Reason: On CRAN
    
     3. get the same with 'binomial_logit' (test-gets-old-mssm.R:240:5) - Reason: On CRAN
    
     4. get the same with 'binomial_cloglog' (test-gets-old-mssm.R:252:5) - Reason: On CRAN
    
     5. get the same with 'binomial_probit' (test-gets-old-mssm.R:265:5) - Reason: On CRAN
    
     6. get the same with 'Gamma_log' (test-gets-old-mssm.R:277:5) - Reason: On CRAN
    
     7. get the same with 'gaussian_identity' (test-gets-old-mssm.R:287:5) - Reason: On CRAN
    
     8. get the same with 'gaussian_log' (test-gets-old-mssm.R:298:5) - Reason: On CRAN
    
     9. get the same with 'gaussian_inverse' (test-gets-old-mssm.R:310:5) - Reason: On CRAN
    
     10. (code run outside of `test_that()`) (test-man-pages.R:4:3) - Reason: On CRAN
    
     ══ Failed ══════════════════════════════════════════════════════════════════════
     ── 1. Failure (test-gets-old-mssm.R:341:3): gets the same with binomial data wit
     `out` has changed from known value recorded in 'binomial-logit-grouped-w-weights.RDS'.
     Component "y": Attributes: < names for current but not for target >
     Component "y": Attributes: < Length mismatch: comparison on first 0 components >
     Component "y": target is numeric, current is AsIs
    
     ══ DONE ════════════════════════════════════════════════════════════════════════
     Error: Test failures
     Execution halted
Flavor: r-devel-linux-x86_64-fedora-clang

Version: 0.1.4
Check: tests
Result: ERROR
     Running ‘testthat.R’ [16s/17s]
    Running the tests in ‘tests/testthat.R’ failed.
    Complete output:
     > library(testthat)
     > library(mssm)
     >
     > options(testthat.summary.max_reports = 1000L)
     > test_check("mssm", reporter = "summary")
     cpp:
     C++: .
     gets-old-FSKA:
     Test versus old results for kernel methods: .......
     gets-old-mssm:
     Test versus old results for 'mssm' methods: .............................S......................S......................S......................S......................S......................S......................S......................S......................S.1.
     man-pages:
     Testing manual page results: S
     misc:
     Testing miscellaneous functions: ....................................................
     sample-methods:
     Testing sample methods: ....
    
     ══ Skipped ═════════════════════════════════════════════════════════════════════
     1. get the same with 'poisson_log' (test-gets-old-mssm.R:217:5) - Reason: On CRAN
    
     2. get the same with 'poisson_sqrt' (test-gets-old-mssm.R:229:5) - Reason: On CRAN
    
     3. get the same with 'binomial_logit' (test-gets-old-mssm.R:240:5) - Reason: On CRAN
    
     4. get the same with 'binomial_cloglog' (test-gets-old-mssm.R:252:5) - Reason: On CRAN
    
     5. get the same with 'binomial_probit' (test-gets-old-mssm.R:265:5) - Reason: On CRAN
    
     6. get the same with 'Gamma_log' (test-gets-old-mssm.R:277:5) - Reason: On CRAN
    
     7. get the same with 'gaussian_identity' (test-gets-old-mssm.R:287:5) - Reason: On CRAN
    
     8. get the same with 'gaussian_log' (test-gets-old-mssm.R:298:5) - Reason: On CRAN
    
     9. get the same with 'gaussian_inverse' (test-gets-old-mssm.R:310:5) - Reason: On CRAN
    
     10. (code run outside of `test_that()`) (test-man-pages.R:4:3) - Reason: On CRAN
    
     ══ Failed ══════════════════════════════════════════════════════════════════════
     ── 1. Failure (test-gets-old-mssm.R:341:3): gets the same with binomial data wit
     `out` has changed from known value recorded in 'binomial-logit-grouped-w-weights.RDS'.
     Component "y": Attributes: < names for current but not for target >
     Component "y": Attributes: < Length mismatch: comparison on first 0 components >
     Component "y": target is numeric, current is AsIs
    
     ══ DONE ════════════════════════════════════════════════════════════════════════
     Error: Test failures
     Execution halted
Flavor: r-devel-linux-x86_64-fedora-gcc

Version: 0.1.4
Check: tests
Result: ERROR
     Running 'testthat.R' [19s]
    Running the tests in 'tests/testthat.R' failed.
    Complete output:
     > library(testthat)
     > library(mssm)
     >
     > options(testthat.summary.max_reports = 1000L)
     > test_check("mssm", reporter = "summary")
     cpp:
     C++: .
     gets-old-FSKA:
     Test versus old results for kernel methods: .......
     gets-old-mssm:
     Test versus old results for 'mssm' methods: .............................S......................S......................S......................S......................S......................S......................S......................S......................S.1.
     man-pages:
     Testing manual page results: S
     misc:
     Testing miscellaneous functions: ....................................................
     sample-methods:
     Testing sample methods: ....
    
     == Skipped =====================================================================
     1. get the same with 'poisson_log' (test-gets-old-mssm.R:217:5) - Reason: On CRAN
    
     2. get the same with 'poisson_sqrt' (test-gets-old-mssm.R:229:5) - Reason: On CRAN
    
     3. get the same with 'binomial_logit' (test-gets-old-mssm.R:240:5) - Reason: On CRAN
    
     4. get the same with 'binomial_cloglog' (test-gets-old-mssm.R:252:5) - Reason: On CRAN
    
     5. get the same with 'binomial_probit' (test-gets-old-mssm.R:265:5) - Reason: On CRAN
    
     6. get the same with 'Gamma_log' (test-gets-old-mssm.R:277:5) - Reason: On CRAN
    
     7. get the same with 'gaussian_identity' (test-gets-old-mssm.R:287:5) - Reason: On CRAN
    
     8. get the same with 'gaussian_log' (test-gets-old-mssm.R:298:5) - Reason: On CRAN
    
     9. get the same with 'gaussian_inverse' (test-gets-old-mssm.R:310:5) - Reason: On CRAN
    
     10. (code run outside of `test_that()`) (test-man-pages.R:4:3) - Reason: On CRAN
    
     == Failed ======================================================================
     -- 1. Failure (test-gets-old-mssm.R:341:3): gets the same with binomial data wit
     `out` has changed from known value recorded in 'binomial-logit-grouped-w-weights.RDS'.
     Component "y": Attributes: < names for current but not for target >
     Component "y": Attributes: < Length mismatch: comparison on first 0 components >
     Component "y": target is numeric, current is AsIs
    
     == DONE ========================================================================
     Error: Test failures
     Execution halted
Flavor: r-devel-windows-x86_64

Version: 0.1.4
Check: whether package can be installed
Result: ERROR
    Installation failed.
Flavor: r-devel-windows-x86_64-gcc10-UCRT