CRAN Package Check Results for Package msigdbr

Last updated on 2021-09-27 09:49:47 CEST.

Flavor Version Tinstall Tcheck Ttotal Status Flags
r-devel-linux-x86_64-debian-clang 7.4.1 30.32 243.25 273.57 OK
r-devel-linux-x86_64-debian-gcc 7.4.1 29.24 198.56 227.80 OK
r-devel-linux-x86_64-fedora-clang 7.4.1 352.41 NOTE
r-devel-linux-x86_64-fedora-gcc 7.4.1 343.40 OK
r-devel-windows-x86_64 7.4.1 36.00 253.00 289.00 NOTE
r-devel-windows-x86_64-gcc10-UCRT 7.4.1 OK
r-patched-linux-x86_64 7.4.1 30.54 241.92 272.46 OK
r-patched-solaris-x86 7.4.1 670.90 NOTE
r-release-linux-x86_64 7.4.1 31.81 240.28 272.09 OK
r-release-macos-arm64 7.4.1 NOTE
r-release-macos-x86_64 7.4.1 NOTE
r-release-windows-ix86+x86_64 7.4.1 52.00 246.00 298.00 NOTE
r-oldrel-macos-x86_64 7.4.1 NOTE
r-oldrel-windows-ix86+x86_64 7.4.1 41.00 236.00 277.00 NOTE

Check Details

Version: 7.4.1
Check: installed package size
Result: NOTE
     installed size is 5.9Mb
     sub-directories of 1Mb or more:
     R 5.8Mb
Flavors: r-devel-linux-x86_64-fedora-clang, r-devel-windows-x86_64, r-patched-solaris-x86, r-release-macos-arm64, r-release-macos-x86_64, r-release-windows-ix86+x86_64, r-oldrel-macos-x86_64, r-oldrel-windows-ix86+x86_64