CRAN Package Check Results for Package msigdbr

Last updated on 2019-08-17 11:47:29 CEST.

Flavor Version Tinstall Tcheck Ttotal Status Flags
r-devel-linux-x86_64-debian-clang 6.2.1 35.86 89.03 124.89 OK
r-devel-linux-x86_64-debian-gcc 6.2.1 33.48 72.68 106.16 OK
r-devel-linux-x86_64-fedora-clang 6.2.1 160.21 OK
r-devel-linux-x86_64-fedora-gcc 6.2.1 160.34 OK
r-devel-windows-ix86+x86_64 6.2.1 85.00 128.00 213.00 OK
r-patched-linux-x86_64 6.2.1 36.66 85.96 122.62 OK
r-patched-solaris-x86 6.2.1 331.60 OK
r-release-linux-x86_64 6.2.1 34.67 85.35 120.02 OK
r-release-windows-ix86+x86_64 6.2.1 89.00 120.00 209.00 OK
r-release-osx-x86_64 6.2.1 OK
r-oldrel-windows-ix86+x86_64 6.2.1 62.00 122.00 184.00 OK
r-oldrel-osx-x86_64 6.2.1 WARN

Check Details

Version: 6.2.1
Check: whether package can be installed
Result: WARN
    Found the following significant warnings:
     Warning: package ‘dplyr’ was built under R version 3.5.1
Flavor: r-oldrel-osx-x86_64