CRAN Package Check Results for Package mshap

Last updated on 2023-02-06 19:54:29 CET.

Flavor Version Tinstall Tcheck Ttotal Status Flags
r-devel-linux-x86_64-debian-clang 0.1.0 2.72 46.95 49.67 OK
r-devel-linux-x86_64-debian-gcc 0.1.0 1.34 34.38 35.72 OK
r-devel-linux-x86_64-fedora-clang 0.1.0 60.72 NOTE
r-devel-linux-x86_64-fedora-gcc 0.1.0 69.12 NOTE
r-devel-windows-x86_64 0.1.0 16.00 82.00 98.00 OK
r-patched-linux-x86_64 0.1.0 2.73 45.41 48.14 OK
r-release-linux-x86_64 0.1.0 2.52 43.23 45.75 OK
r-release-macos-arm64 0.1.0 27.00 NOTE
r-release-macos-x86_64 0.1.0 41.00 NOTE
r-release-windows-x86_64 0.1.0 16.00 96.00 112.00 OK
r-oldrel-macos-arm64 0.1.0 36.00 NOTE
r-oldrel-macos-x86_64 0.1.0 31.00 NOTE
r-oldrel-windows-ix86+x86_64 0.1.0 8.00 75.00 83.00 OK

Check Details

Version: 0.1.0
Check: dependencies in R code
Result: NOTE
    Namespace in Imports field not imported from: ‘tidyselect’
     All declared Imports should be used.
Flavors: r-devel-linux-x86_64-fedora-clang, r-devel-linux-x86_64-fedora-gcc, r-release-macos-arm64, r-release-macos-x86_64, r-oldrel-macos-arm64, r-oldrel-macos-x86_64