Last updated on 2022-05-17 21:50:52 CEST.
Flavor | Version | Tinstall | Tcheck | Ttotal | Status | Flags |
---|---|---|---|---|---|---|
r-devel-linux-x86_64-debian-clang | 2.3.9 | 39.49 | 111.82 | 151.31 | OK | |
r-devel-linux-x86_64-debian-gcc | 2.3.9 | 32.68 | 84.20 | 116.88 | OK | |
r-devel-linux-x86_64-fedora-clang | 2.3.9 | 194.93 | OK | |||
r-devel-linux-x86_64-fedora-gcc | 2.3.9 | 188.52 | OK | |||
r-devel-windows-x86_64 | 2.3.9 | 51.00 | 184.00 | 235.00 | OK | |
r-patched-linux-x86_64 | 2.3.9 | 35.98 | 106.69 | 142.67 | OK | |
r-release-linux-x86_64 | 2.3.9 | 34.78 | 105.92 | 140.70 | OK | |
r-release-macos-arm64 | 2.3.9 | 69.00 | NOTE | |||
r-release-macos-x86_64 | 2.3.9 | 84.00 | NOTE | |||
r-release-windows-x86_64 | 2.3.9 | 44.00 | 175.00 | 219.00 | OK | |
r-oldrel-macos-arm64 | 2.3.9 | 78.00 | NOTE | |||
r-oldrel-macos-x86_64 | 2.3.9 | 123.00 | NOTE | |||
r-oldrel-windows-ix86+x86_64 | 2.3.9 | 89.00 | 234.00 | 323.00 | OK |
Version: 2.3.9
Check: installed package size
Result: NOTE
installed size is 5.1Mb
sub-directories of 1Mb or more:
libs 4.1Mb
Flavors: r-release-macos-arm64, r-release-macos-x86_64, r-oldrel-macos-arm64, r-oldrel-macos-x86_64