Last updated on 2022-05-18 09:54:07 CEST.
Flavor | Version | Tinstall | Tcheck | Ttotal | Status | Flags |
---|---|---|---|---|---|---|
r-devel-linux-x86_64-debian-clang | 1.0.5 | 42.62 | 195.16 | 237.78 | OK | |
r-devel-linux-x86_64-debian-gcc | 1.0.5 | 33.23 | 148.55 | 181.78 | OK | |
r-devel-linux-x86_64-fedora-clang | 1.0.5 | 315.92 | OK | |||
r-devel-linux-x86_64-fedora-gcc | 1.0.5 | 289.69 | OK | |||
r-devel-windows-x86_64 | 1.0.5 | 53.00 | 246.00 | 299.00 | OK | |
r-patched-linux-x86_64 | 1.0.5 | 34.35 | 182.21 | 216.56 | OK | |
r-release-linux-x86_64 | 1.0.5 | 38.24 | 182.38 | 220.62 | OK | |
r-release-macos-arm64 | 1.0.5 | 68.00 | NOTE | |||
r-release-macos-x86_64 | 1.0.5 | 94.00 | NOTE | |||
r-release-windows-x86_64 | 1.0.5 | 57.00 | 239.00 | 296.00 | OK | |
r-oldrel-macos-arm64 | 1.0.5 | 59.00 | NOTE | |||
r-oldrel-macos-x86_64 | 1.0.5 | 100.00 | NOTE | |||
r-oldrel-windows-ix86+x86_64 | 1.0.5 | 95.00 | 337.00 | 432.00 | OK |
Version: 1.0.5
Check: installed package size
Result: NOTE
installed size is 6.3Mb
sub-directories of 1Mb or more:
libs 5.7Mb
Flavors: r-release-macos-arm64, r-release-macos-x86_64, r-oldrel-macos-arm64, r-oldrel-macos-x86_64