CRAN Package Check Results for Package msda

Last updated on 2024-03-04 07:48:34 CET.

Flavor Version Tinstall Tcheck Ttotal Status Flags
r-devel-linux-x86_64-debian-clang 1.0.3 11.37 78.50 89.87 NOTE
r-devel-linux-x86_64-debian-gcc 1.0.3 7.15 56.31 63.46 NOTE
r-devel-linux-x86_64-fedora-clang 1.0.3 108.78 NOTE
r-devel-linux-x86_64-fedora-gcc 1.0.3 98.29 NOTE
r-devel-windows-x86_64 1.0.3 10.00 76.00 86.00 NOTE
r-patched-linux-x86_64 1.0.3 10.45 71.74 82.19 OK
r-release-linux-x86_64 1.0.3 10.98 72.26 83.24 OK
r-release-macos-arm64 1.0.3 37.00 OK
r-release-macos-x86_64 1.0.3 58.00 OK
r-release-windows-x86_64 1.0.3 14.00 87.00 101.00 OK
r-oldrel-macos-arm64 1.0.3 35.00 OK
r-oldrel-windows-x86_64 1.0.3 12.00 90.00 102.00 OK

Check Details

Version: 1.0.3
Check: Rd contents
Result: NOTE Argument items with no description in Rd file 'msda.Rd': ‘sml’ Flavors: r-devel-linux-x86_64-debian-clang, r-devel-linux-x86_64-debian-gcc, r-devel-linux-x86_64-fedora-clang, r-devel-linux-x86_64-fedora-gcc, r-devel-windows-x86_64

Version: 1.0.3
Check: installed package size
Result: NOTE installed size is 7.7Mb sub-directories of 1Mb or more: libs 7.4Mb Flavor: r-devel-linux-x86_64-fedora-clang