CRAN Package Check Results for Package mscstts

Last updated on 2021-12-01 07:50:29 CET.

Flavor Version Tinstall Tcheck Ttotal Status Flags
r-devel-linux-x86_64-debian-clang 0.6.2 2.55 29.12 31.67 OK
r-devel-linux-x86_64-debian-gcc 0.6.2 1.97 24.72 26.69 OK
r-devel-linux-x86_64-fedora-clang 0.6.2 49.72 NOTE
r-devel-linux-x86_64-fedora-gcc 0.6.2 38.58 NOTE
r-devel-windows-x86_64-new-UL 0.6.2 8.00 73.00 81.00 OK
r-devel-windows-x86_64-new-TK 0.6.2 NOTE
r-devel-windows-x86_64-old 0.6.2 5.00 40.00 45.00 OK
r-patched-linux-x86_64 0.6.2 5.45 27.94 33.39 OK
r-patched-solaris-x86 0.6.2 59.90 NOTE
r-release-linux-x86_64 0.6.2 2.50 27.77 30.27 OK
r-release-macos-arm64 0.6.2 NOTE
r-release-macos-x86_64 0.6.2 NOTE
r-release-windows-ix86+x86_64 0.6.2 6.00 35.00 41.00 OK
r-oldrel-macos-x86_64 0.6.2 NOTE
r-oldrel-windows-ix86+x86_64 0.6.2 4.00 35.00 39.00 OK

Check Details

Version: 0.6.2
Check: data for non-ASCII characters
Result: NOTE
     Note: found 26 marked UTF-8 strings
Flavors: r-devel-linux-x86_64-fedora-clang, r-devel-linux-x86_64-fedora-gcc, r-devel-windows-x86_64-new-TK, r-patched-solaris-x86, r-release-macos-arm64, r-release-macos-x86_64, r-oldrel-macos-x86_64