CRAN Package Check Results for Package mritc

Last updated on 2022-01-26 07:52:51 CET.

Flavor Version Tinstall Tcheck Ttotal Status Flags
r-devel-linux-x86_64-debian-clang 0.5-2 13.41 90.03 103.44 NOTE
r-devel-linux-x86_64-debian-gcc 0.5-2 8.56 68.90 77.46 NOTE
r-devel-linux-x86_64-fedora-clang 0.5-2 115.94 NOTE
r-devel-linux-x86_64-fedora-gcc 0.5-2 115.44 NOTE
r-devel-windows-x86_64-new-UL 0.5-2 55.00 106.00 161.00 NOTE
r-devel-windows-x86_64-new-TK 0.5-2 NOTE
r-patched-linux-x86_64 0.5-2 10.45 78.06 88.51 NOTE
r-release-linux-x86_64 0.5-2 9.38 78.07 87.45 NOTE
r-release-windows-ix86+x86_64 0.5-2 31.00 147.00 178.00 NOTE
r-oldrel-windows-ix86+x86_64 0.5-2 30.00 143.00 173.00 OK

Additional issues

rchk

Check Details

Version: 0.5-2
Check: LazyData
Result: NOTE
     'LazyData' is specified without a 'data' directory
Flavors: r-devel-linux-x86_64-debian-clang, r-devel-linux-x86_64-debian-gcc, r-devel-linux-x86_64-fedora-clang, r-devel-linux-x86_64-fedora-gcc, r-devel-windows-x86_64-new-UL, r-devel-windows-x86_64-new-TK, r-patched-linux-x86_64, r-release-linux-x86_64, r-release-windows-ix86+x86_64