CRAN Package Check Results for Package mritc

Last updated on 2021-09-22 08:50:18 CEST.

Flavor Version Tinstall Tcheck Ttotal Status Flags
r-devel-linux-x86_64-debian-clang 0.5-2 11.18 73.44 84.62 NOTE
r-devel-linux-x86_64-debian-gcc 0.5-2 8.10 56.80 64.90 NOTE
r-devel-linux-x86_64-fedora-clang 0.5-2 110.33 NOTE
r-devel-linux-x86_64-fedora-gcc 0.5-2 100.53 NOTE
r-devel-windows-x86_64 0.5-2 20.00 78.00 98.00 NOTE
r-devel-windows-x86_64-gcc10-UCRT 0.5-2 ERROR
r-patched-linux-x86_64 0.5-2 10.03 70.45 80.48 NOTE
r-patched-solaris-x86 0.5-2 159.00 NOTE
r-release-linux-x86_64 0.5-2 10.21 71.01 81.22 NOTE
r-release-windows-ix86+x86_64 0.5-2 32.00 99.00 131.00 NOTE
r-oldrel-windows-ix86+x86_64 0.5-2 26.00 104.00 130.00 OK

Additional issues

rchk

Check Details

Version: 0.5-2
Check: LazyData
Result: NOTE
     'LazyData' is specified without a 'data' directory
Flavors: r-devel-linux-x86_64-debian-clang, r-devel-linux-x86_64-debian-gcc, r-devel-linux-x86_64-fedora-clang, r-devel-linux-x86_64-fedora-gcc, r-devel-windows-x86_64, r-patched-linux-x86_64, r-patched-solaris-x86, r-release-linux-x86_64, r-release-windows-ix86+x86_64

Version: 0.5-2
Check: whether package can be installed
Result: ERROR
    Installation failed.
Flavor: r-devel-windows-x86_64-gcc10-UCRT