Last updated on 2023-09-21 20:54:50 CEST.
Flavor | Version | Tinstall | Tcheck | Ttotal | Status | Flags |
---|---|---|---|---|---|---|
r-devel-linux-x86_64-debian-clang | 1.1.1 | 148.02 | 163.26 | 311.28 | OK | |
r-devel-linux-x86_64-debian-gcc | 1.1.1 | 109.42 | 118.50 | 227.92 | OK | |
r-devel-linux-x86_64-fedora-clang | 1.1.1 | 435.71 | OK | |||
r-devel-linux-x86_64-fedora-gcc | 1.1.1 | 432.67 | OK | |||
r-devel-windows-x86_64 | 1.1.1 | 134.00 | 182.00 | 316.00 | OK | |
r-patched-linux-x86_64 | 1.1.1 | 150.44 | 151.89 | 302.33 | OK | |
r-release-linux-x86_64 | 1.1.1 | 149.87 | 155.14 | 305.01 | OK | |
r-release-macos-arm64 | 1.1.1 | 87.00 | NOTE | |||
r-release-macos-x86_64 | 1.1.1 | 128.00 | NOTE | |||
r-release-windows-x86_64 | 1.1.1 | 171.00 | 218.00 | 389.00 | OK | |
r-oldrel-macos-arm64 | 1.1.1 | 87.00 | NOTE | |||
r-oldrel-macos-x86_64 | 1.1.1 | 132.00 | NOTE | |||
r-oldrel-windows-x86_64 | 1.1.1 | 163.00 | 190.00 | 353.00 | OK |
Version: 1.1.1
Check: installed package size
Result: NOTE
installed size is 6.8Mb
sub-directories of 1Mb or more:
libs 5.0Mb
Flavors: r-release-macos-arm64, r-release-macos-x86_64, r-oldrel-macos-arm64, r-oldrel-macos-x86_64