CRAN Package Check Results for Package mrbayes

Last updated on 2021-12-04 19:53:02 CET.

Flavor Version Tinstall Tcheck Ttotal Status Flags
r-devel-linux-x86_64-debian-clang 0.5.1 515.73 136.35 652.08 NOTE
r-devel-linux-x86_64-debian-gcc 0.5.1 453.40 127.12 580.52 NOTE
r-devel-linux-x86_64-fedora-clang 0.5.1 963.13 NOTE
r-devel-linux-x86_64-fedora-gcc 0.5.1 1035.87 NOTE
r-devel-windows-x86_64-new-UL 0.5.1 595.00 254.00 849.00 NOTE
r-devel-windows-x86_64-new-TK 0.5.1 NOTE
r-devel-windows-x86_64-old 0.5.1 623.00 229.00 852.00 NOTE
r-patched-linux-x86_64 0.5.1 496.97 148.17 645.14 NOTE
r-release-linux-x86_64 0.5.1 507.99 148.58 656.57 NOTE
r-release-macos-arm64 0.5.1 NOTE
r-release-macos-x86_64 0.5.1 NOTE
r-release-windows-ix86+x86_64 0.5.1 1210.00 326.00 1536.00 NOTE
r-oldrel-macos-x86_64 0.5.1 NOTE
r-oldrel-windows-ix86+x86_64 0.5.1 1215.00 306.00 1521.00 NOTE

Check Details

Version: 0.5.1
Check: for GNU extensions in Makefiles
Result: NOTE
    GNU make is a SystemRequirements.
Flavors: r-devel-linux-x86_64-debian-clang, r-devel-linux-x86_64-debian-gcc, r-devel-linux-x86_64-fedora-clang, r-devel-linux-x86_64-fedora-gcc, r-devel-windows-x86_64-new-UL, r-devel-windows-x86_64-new-TK, r-devel-windows-x86_64-old, r-patched-linux-x86_64, r-release-linux-x86_64, r-release-macos-arm64, r-release-macos-x86_64, r-release-windows-ix86+x86_64, r-oldrel-macos-x86_64, r-oldrel-windows-ix86+x86_64

Version: 0.5.1
Check: installed package size
Result: NOTE
     installed size is 67.8Mb
     sub-directories of 1Mb or more:
     libs 67.4Mb
Flavors: r-devel-linux-x86_64-fedora-clang, r-release-macos-arm64, r-release-macos-x86_64, r-release-windows-ix86+x86_64, r-oldrel-macos-x86_64, r-oldrel-windows-ix86+x86_64

Version: 0.5.1
Check: dependencies in R code
Result: NOTE
    Namespace in Imports field not imported from: ‘rstantools’
     All declared Imports should be used.
Flavors: r-devel-linux-x86_64-fedora-clang, r-devel-linux-x86_64-fedora-gcc, r-devel-windows-x86_64-new-TK, r-release-macos-arm64, r-release-macos-x86_64, r-oldrel-macos-x86_64