CRAN Package Check Results for Package mpmi

Last updated on 2022-01-18 20:50:44 CET.

Flavor Version Tinstall Tcheck Ttotal Status Flags
r-devel-linux-x86_64-debian-clang 0.43.1 4.22 39.96 44.18 OK
r-devel-linux-x86_64-debian-gcc 0.43.1 3.62 30.18 33.80 OK
r-devel-linux-x86_64-fedora-clang 0.43.1 55.40 NOTE
r-devel-linux-x86_64-fedora-gcc 0.43.1 44.00 NOTE
r-devel-windows-x86_64-new-UL 0.43.1 29.00 70.00 99.00 OK
r-devel-windows-x86_64-new-TK 0.43.1 OK
r-patched-linux-x86_64 0.43.1 4.44 38.14 42.58 NOTE
r-release-linux-x86_64 0.43.1 NOTE
r-release-macos-arm64 0.43.1 OK
r-release-macos-x86_64 0.43.1 OK
r-release-windows-ix86+x86_64 0.43.1 6.00 8.00 14.00 ERROR
r-oldrel-macos-x86_64 0.43.1 OK
r-oldrel-windows-ix86+x86_64 0.43.1 6.00 8.00 14.00 ERROR

Check Details

Version: 0.43.1
Check: compiled code
Result: NOTE
    File ‘mpmi/libs/mpmi.so’:
     Found no calls to: ‘R_registerRoutines’, ‘R_useDynamicSymbols’
    
    It is good practice to register native routines and to disable symbol
    search.
    
    See ‘Writing portable packages’ in the ‘Writing R Extensions’ manual.
Flavors: r-devel-linux-x86_64-fedora-clang, r-devel-linux-x86_64-fedora-gcc

Version: 0.43.1
Check: DESCRIPTION meta-information
Result: NOTE
    Dependence on R version ‘3.6.2’ not with patchlevel 0
Flavors: r-patched-linux-x86_64, r-release-linux-x86_64

Version: 0.43.1
Check: whether package can be installed
Result: ERROR
    Installation failed.
Flavors: r-release-windows-ix86+x86_64, r-oldrel-windows-ix86+x86_64