CRAN Package Check Results for Package mpa

Last updated on 2021-09-21 08:49:56 CEST.

Flavor Version Tinstall Tcheck Ttotal Status Flags
r-devel-linux-x86_64-debian-clang 0.7.3 3.34 37.20 40.54 NOTE
r-devel-linux-x86_64-debian-gcc 0.7.3 2.94 30.03 32.97 NOTE
r-devel-linux-x86_64-fedora-clang 0.7.3 58.03 NOTE
r-devel-linux-x86_64-fedora-gcc 0.7.3 46.74 NOTE
r-devel-windows-x86_64 0.7.3 5.00 39.00 44.00 NOTE
r-devel-windows-x86_64-gcc10-UCRT 0.7.3 ERROR
r-patched-linux-x86_64 0.7.3 3.12 35.83 38.95 NOTE
r-patched-solaris-x86 0.7.3 76.00 NOTE
r-release-linux-x86_64 0.7.3 3.64 35.97 39.61 NOTE
r-release-macos-arm64 0.7.3 NOTE
r-release-macos-x86_64 0.7.3 NOTE
r-release-windows-ix86+x86_64 0.7.3 8.00 43.00 51.00 NOTE
r-oldrel-macos-x86_64 0.7.3 NOTE
r-oldrel-windows-ix86+x86_64 0.7.3 8.00 43.00 51.00 NOTE

Check Details

Version: 0.7.3
Check: DESCRIPTION meta-information
Result: NOTE
    Malformed Description field: should contain one or more complete sentences.
Flavors: r-devel-linux-x86_64-debian-clang, r-devel-linux-x86_64-debian-gcc, r-devel-linux-x86_64-fedora-clang, r-devel-linux-x86_64-fedora-gcc, r-devel-windows-x86_64, r-devel-windows-x86_64-gcc10-UCRT, r-patched-linux-x86_64, r-patched-solaris-x86, r-release-linux-x86_64, r-release-macos-arm64, r-release-macos-x86_64, r-release-windows-ix86+x86_64, r-oldrel-macos-x86_64, r-oldrel-windows-ix86+x86_64

Version: 0.7.3
Check: top-level files
Result: NOTE
    Non-standard file/directory found at top level:
     'mpa-Ex.R'
Flavors: r-devel-linux-x86_64-debian-clang, r-devel-linux-x86_64-debian-gcc, r-devel-linux-x86_64-fedora-clang, r-devel-linux-x86_64-fedora-gcc, r-patched-linux-x86_64, r-release-linux-x86_64

Version: 0.7.3
Check: R code for possible problems
Result: NOTE
    NB: .First.lib is obsolete and will not be used in R >= 3.0.0
    File 'mpa/R/zzz.R':
     .First.lib calls:
     cat("\n mpa: CoWords Method")
     cat("\n ")
     cat("\n Universidad Nacional de Colombia")
     cat("\n ")
     cat("\n Elaborado por: Daniel Rodriguez <dhrodriguezt@unal.edu.co>")
     cat("\n Campo Elias Pardo <cepardot@unal.edu.co>")
     cat("\n For help: ?mpa \n\n")
    
    Package startup functions should use 'packageStartupMessage' to
     generate messages.
    See section 'Good practice' in '?.onAttach'.
    
    diagram.mpa: no visible global function definition for 'abline'
    diagram.mpa: no visible global function definition for 'text'
    Undefined global functions or variables:
     abline text
    Consider adding
     importFrom("graphics", "abline", "text")
    to your NAMESPACE file.
Flavors: r-devel-linux-x86_64-debian-clang, r-devel-linux-x86_64-debian-gcc, r-devel-linux-x86_64-fedora-clang, r-devel-linux-x86_64-fedora-gcc, r-devel-windows-x86_64, r-devel-windows-x86_64-gcc10-UCRT, r-patched-linux-x86_64, r-patched-solaris-x86, r-release-linux-x86_64, r-release-macos-arm64, r-release-macos-x86_64, r-release-windows-ix86+x86_64, r-oldrel-macos-x86_64, r-oldrel-windows-ix86+x86_64

Version: 0.7.3
Check: data for non-ASCII characters
Result: NOTE
     Note: found 6 marked UTF-8 strings
Flavors: r-devel-linux-x86_64-fedora-clang, r-devel-linux-x86_64-fedora-gcc, r-devel-windows-x86_64-gcc10-UCRT, r-patched-solaris-x86, r-release-macos-arm64, r-release-macos-x86_64, r-oldrel-macos-x86_64

Version: 0.7.3
Check: whether package can be installed
Result: WARN
    Found the following significant warnings:
     WARNING: installation-time patches will not be applied, could not get the patches index
Flavor: r-devel-windows-x86_64-gcc10-UCRT

Version: 0.7.3
Check: PDF version of manual
Result: WARN
    LaTeX errors when creating PDF version.
    This typically indicates Rd problems.
Flavor: r-devel-windows-x86_64-gcc10-UCRT

Version: 0.7.3
Check: PDF version of manual without hyperrefs or index
Result: ERROR
    Re-running with no redirection of stdout/stderr.
Flavor: r-devel-windows-x86_64-gcc10-UCRT