CRAN Package Check Results for Package mosaicData

Last updated on 2019-08-21 10:47:32 CEST.

Flavor Version Tinstall Tcheck Ttotal Status Flags
r-devel-linux-x86_64-debian-clang 0.17.0 3.74 34.30 38.04 OK
r-devel-linux-x86_64-debian-gcc 0.17.0 2.76 27.87 30.63 OK
r-devel-linux-x86_64-fedora-clang 0.17.0 43.82 NOTE
r-devel-linux-x86_64-fedora-gcc 0.17.0 45.43 NOTE
r-devel-windows-ix86+x86_64 0.17.0 11.00 73.00 84.00 OK
r-patched-linux-x86_64 0.17.0 3.70 33.85 37.55 OK
r-patched-solaris-x86 0.17.0 67.00 NOTE
r-release-linux-x86_64 0.17.0 3.14 34.69 37.83 OK
r-release-windows-ix86+x86_64 0.17.0 8.00 51.00 59.00 OK
r-release-osx-x86_64 0.17.0 NOTE
r-oldrel-windows-ix86+x86_64 0.17.0 15.00 62.00 77.00 OK
r-oldrel-osx-x86_64 0.17.0 NOTE

Check Details

Version: 0.17.0
Check: data for non-ASCII characters
Result: NOTE
     Note: found 7 marked UTF-8 strings
Flavors: r-devel-linux-x86_64-fedora-clang, r-devel-linux-x86_64-fedora-gcc, r-patched-solaris-x86, r-release-osx-x86_64, r-oldrel-osx-x86_64