CRAN Package Check Results for Package moonBook

Last updated on 2021-09-25 20:50:34 CEST.

Flavor Version Tinstall Tcheck Ttotal Status Flags
r-devel-linux-x86_64-debian-clang 0.2.4 5.34 69.42 74.76 OK
r-devel-linux-x86_64-debian-gcc 0.2.4 4.82 52.05 56.87 OK
r-devel-linux-x86_64-fedora-clang 0.2.4 98.89 NOTE
r-devel-linux-x86_64-fedora-gcc 0.2.4 85.68 NOTE
r-devel-windows-x86_64 0.2.4 7.00 75.00 82.00 OK
r-devel-windows-x86_64-gcc10-UCRT 0.2.4 NOTE
r-patched-linux-x86_64 0.2.4 6.32 67.72 74.04 OK
r-patched-solaris-x86 0.2.4 120.70 NOTE
r-release-linux-x86_64 0.2.4 5.31 67.52 72.83 OK
r-release-macos-arm64 0.2.4 NOTE
r-release-macos-x86_64 0.2.4 NOTE
r-release-windows-ix86+x86_64 0.2.4 11.00 70.00 81.00 OK
r-oldrel-macos-x86_64 0.2.4 NOTE
r-oldrel-windows-ix86+x86_64 0.2.4 7.00 71.00 78.00 OK

Check Details

Version: 0.2.4
Check: dependencies in R code
Result: NOTE
    Namespace in Imports field not imported from: ‘ztable’
     All declared Imports should be used.
Flavors: r-devel-linux-x86_64-fedora-clang, r-devel-linux-x86_64-fedora-gcc, r-devel-windows-x86_64-gcc10-UCRT, r-patched-solaris-x86, r-release-macos-arm64, r-release-macos-x86_64, r-oldrel-macos-x86_64