Last updated on 2023-10-03 09:08:23 CEST.
Flavor | Version | Tinstall | Tcheck | Ttotal | Status | Flags |
---|---|---|---|---|---|---|
r-devel-linux-x86_64-debian-clang | 0.1.4 | 3.38 | 41.28 | 44.66 | NOTE | |
r-devel-linux-x86_64-debian-gcc | 0.1.4 | 2.82 | 31.84 | 34.66 | NOTE | |
r-devel-linux-x86_64-fedora-clang | 0.1.4 | 54.38 | NOTE | |||
r-devel-linux-x86_64-fedora-gcc | 0.1.4 | 52.94 | NOTE | |||
r-devel-windows-x86_64 | 0.1.4 | 5.00 | 59.00 | 64.00 | NOTE | |
r-patched-linux-x86_64 | 0.1.4 | 7.53 | 40.37 | 47.90 | OK | |
r-release-linux-x86_64 | 0.1.4 | 2.29 | 39.45 | 41.74 | OK | |
r-release-macos-arm64 | 0.1.4 | 24.00 | OK | |||
r-release-macos-x86_64 | 0.1.4 | 31.00 | OK | |||
r-release-windows-x86_64 | 0.1.4 | 6.00 | 63.00 | 69.00 | OK | |
r-oldrel-macos-arm64 | 0.1.4 | 20.00 | OK | |||
r-oldrel-macos-x86_64 | 0.1.4 | 33.00 | OK | |||
r-oldrel-windows-x86_64 | 0.1.4 | 6.00 | 58.00 | 64.00 | OK |
Version: 0.1.4
Check: Rd \usage sections
Result: NOTE
Documented arguments not in \usage in documentation object 'check_augment_data_specification':
‘strict’
Functions with \usage entries need to have the appropriate \alias
entries, and all their arguments documented.
The \usage entries must correspond to syntactically valid R code.
See chapter ‘Writing R documentation files’ in the ‘Writing R
Extensions’ manual.
Flavors: r-devel-linux-x86_64-debian-clang, r-devel-linux-x86_64-debian-gcc, r-devel-linux-x86_64-fedora-clang, r-devel-linux-x86_64-fedora-gcc, r-devel-windows-x86_64