CRAN Package Check Results for Package modelimpact

Last updated on 2024-02-20 19:51:10 CET.

Flavor Version Tinstall Tcheck Ttotal Status Flags
r-devel-linux-x86_64-debian-clang 1.0.0 OK
r-devel-linux-x86_64-debian-gcc 1.0.0 1.86 20.16 22.02 OK
r-devel-linux-x86_64-fedora-clang 1.0.0 34.93 NOTE
r-devel-linux-x86_64-fedora-gcc 1.0.0 32.56 NOTE
r-devel-windows-x86_64 1.0.0 3.00 41.00 44.00 OK
r-patched-linux-x86_64 1.0.0 2.57 24.96 27.53 OK
r-release-linux-x86_64 1.0.0 1.71 24.71 26.42 OK
r-release-macos-arm64 1.0.0 20.00 OK
r-release-macos-x86_64 1.0.0 21.00 OK
r-release-windows-x86_64 1.0.0 3.00 46.00 49.00 OK
r-oldrel-macos-arm64 1.0.0 17.00 NOTE
r-oldrel-windows-x86_64 1.0.0 4.00 45.00 49.00 OK

Check Details

Version: 1.0.0
Check: dependencies in R code
Result: NOTE Namespace in Imports field not imported from: ‘utils’ All declared Imports should be used. Flavors: r-devel-linux-x86_64-fedora-clang, r-devel-linux-x86_64-fedora-gcc, r-oldrel-macos-arm64