CRAN Package Check Results for Package modeldata

Last updated on 2022-01-22 07:52:49 CET.

Flavor Version Tinstall Tcheck Ttotal Status Flags
r-devel-linux-x86_64-debian-clang 0.1.1 2.57 46.91 49.48 OK
r-devel-linux-x86_64-debian-gcc 0.1.1 1.91 37.45 39.36 OK
r-devel-linux-x86_64-fedora-clang 0.1.1 61.14 NOTE
r-devel-linux-x86_64-fedora-gcc 0.1.1 50.64 NOTE
r-devel-windows-x86_64-new-UL 0.1.1 60.00 77.00 137.00 OK
r-devel-windows-x86_64-new-TK 0.1.1 NOTE
r-patched-linux-x86_64 0.1.1 2.67 46.13 48.80 OK
r-release-linux-x86_64 0.1.1 2.08 46.05 48.13 OK
r-release-macos-arm64 0.1.1 NOTE
r-release-macos-x86_64 0.1.1 NOTE
r-release-windows-ix86+x86_64 0.1.1 5.00 62.00 67.00 OK
r-oldrel-macos-x86_64 0.1.1 NOTE
r-oldrel-windows-ix86+x86_64 0.1.1 7.00 62.00 69.00 OK

Check Details

Version: 0.1.1
Check: data for non-ASCII characters
Result: NOTE
     Note: found 313 marked UTF-8 strings
Flavors: r-devel-linux-x86_64-fedora-clang, r-devel-linux-x86_64-fedora-gcc, r-devel-windows-x86_64-new-TK, r-release-macos-arm64, r-release-macos-x86_64, r-oldrel-macos-x86_64