CRAN Package Check Results for Package modeest

Last updated on 2021-07-29 09:53:32 CEST.

Flavor Version Tinstall Tcheck Ttotal Status Flags
r-devel-linux-x86_64-debian-clang 2.4.0 NOTE
r-devel-linux-x86_64-debian-gcc 2.4.0 4.88 41.71 46.59 NOTE
r-devel-linux-x86_64-fedora-clang 2.4.0 80.58 NOTE
r-devel-linux-x86_64-fedora-gcc 2.4.0 70.97 NOTE
r-devel-windows-x86_64 2.4.0 8.00 74.00 82.00 NOTE
r-devel-windows-x86_64-gcc10-UCRT 2.4.0 NOTE
r-patched-linux-x86_64 2.4.0 7.61 53.42 61.03 NOTE
r-patched-solaris-x86 2.4.0 104.50 NOTE
r-release-linux-x86_64 2.4.0 6.55 53.19 59.74 NOTE
r-release-macos-arm64 2.4.0 NOTE
r-release-macos-x86_64 2.4.0 NOTE
r-release-windows-ix86+x86_64 2.4.0 14.00 72.00 86.00 NOTE
r-oldrel-macos-x86_64 2.4.0 OK
r-oldrel-windows-ix86+x86_64 2.4.0 10.00 74.00 84.00 OK

Check Details

Version: 2.4.0
Check: LazyData
Result: NOTE
     'LazyData' is specified without a 'data' directory
Flavors: r-devel-linux-x86_64-debian-clang, r-devel-linux-x86_64-debian-gcc, r-devel-linux-x86_64-fedora-clang, r-devel-linux-x86_64-fedora-gcc, r-devel-windows-x86_64, r-devel-windows-x86_64-gcc10-UCRT, r-patched-linux-x86_64, r-patched-solaris-x86, r-release-linux-x86_64, r-release-macos-arm64, r-release-macos-x86_64, r-release-windows-ix86+x86_64