CRAN Package Check Results for Package modeLLtest

Last updated on 2024-02-23 19:48:52 CET.

Flavor Version Tinstall Tcheck Ttotal Status Flags
r-devel-linux-x86_64-debian-clang 1.0.4 NOTE
r-devel-linux-x86_64-debian-gcc 1.0.4 72.36 79.23 151.59 NOTE
r-devel-linux-x86_64-fedora-clang 1.0.4 263.08 NOTE
r-devel-linux-x86_64-fedora-gcc 1.0.4 270.86 NOTE
r-devel-windows-x86_64 1.0.4 70.00 112.00 182.00 NOTE
r-patched-linux-x86_64 1.0.4 94.39 102.06 196.45 NOTE
r-release-linux-x86_64 1.0.4 91.43 102.09 193.52 NOTE
r-release-macos-arm64 1.0.4 77.00 NOTE
r-release-macos-x86_64 1.0.4 123.00 NOTE
r-release-windows-x86_64 1.0.4 87.00 147.00 234.00 NOTE
r-oldrel-macos-arm64 1.0.4 59.00 NOTE
r-oldrel-windows-x86_64 1.0.4 86.00 146.00 232.00 OK

Check Details

Version: 1.0.4
Check: C++ specification
Result: NOTE Specified C++11: please drop specification unless essential Flavors: r-devel-linux-x86_64-debian-clang, r-devel-linux-x86_64-debian-gcc, r-devel-linux-x86_64-fedora-clang, r-devel-linux-x86_64-fedora-gcc, r-devel-windows-x86_64, r-patched-linux-x86_64, r-release-linux-x86_64, r-release-macos-arm64, r-release-macos-x86_64, r-release-windows-x86_64

Version: 1.0.4
Check: data for non-ASCII characters
Result: NOTE Note: found 18 marked Latin-1 strings Flavors: r-devel-linux-x86_64-fedora-clang, r-devel-linux-x86_64-fedora-gcc, r-oldrel-macos-arm64