CRAN Package Check Results for Package modchart

Last updated on 2020-10-30 08:49:08 CET.

Flavor Version Tinstall Tcheck Ttotal Status Flags
r-devel-linux-x86_64-debian-clang 0.4 34.91 94.85 129.76 OK
r-devel-linux-x86_64-debian-gcc 0.4 28.79 71.80 100.59 OK
r-devel-linux-x86_64-fedora-clang 0.4 174.59 NOTE
r-devel-linux-x86_64-fedora-gcc 0.4 159.57 NOTE
r-devel-windows-ix86+x86_64 0.4 62.00 114.00 176.00 NOTE
r-patched-linux-x86_64 0.4 31.39 86.44 117.83 OK
r-patched-solaris-x86 0.4 245.00 NOTE
r-release-linux-x86_64 0.4 31.89 86.60 118.49 OK
r-release-macos-x86_64 0.4 NOTE
r-release-windows-ix86+x86_64 0.4 40.00 121.00 161.00 NOTE
r-oldrel-macos-x86_64 0.4 NOTE
r-oldrel-windows-ix86+x86_64 0.4 52.00 100.00 152.00 NOTE

Check Details

Version: 0.4
Check: package dependencies
Result: NOTE
    Imports includes 26 non-default packages.
    Importing from so many packages makes the package vulnerable to any of
    them becoming unavailable. Move as many as possible to Suggests and
    use conditionally.
Flavor: r-devel-linux-x86_64-fedora-clang

Version: 0.4
Check: installed package size
Result: NOTE
     installed size is 6.2Mb
     sub-directories of 1Mb or more:
     R 1.5Mb
     extdata 4.6Mb
Flavors: r-devel-linux-x86_64-fedora-clang, r-devel-windows-ix86+x86_64, r-patched-solaris-x86, r-release-macos-x86_64, r-release-windows-ix86+x86_64, r-oldrel-macos-x86_64, r-oldrel-windows-ix86+x86_64

Version: 0.4
Check: dependencies in R code
Result: NOTE
    Namespaces in Imports field not imported from:
     ‘lubridate’ ‘xts’
     All declared Imports should be used.
Flavors: r-devel-linux-x86_64-fedora-clang, r-devel-linux-x86_64-fedora-gcc, r-patched-solaris-x86, r-release-macos-x86_64, r-oldrel-macos-x86_64