CRAN Package Check Results for Package modMax

Last updated on 2020-07-14 09:50:39 CEST.

Flavor Version Tinstall Tcheck Ttotal Status Flags
r-devel-linux-x86_64-debian-clang 1.1 4.93 48.38 53.31 OK
r-devel-linux-x86_64-debian-gcc 1.1 5.46 36.63 42.09 OK
r-devel-linux-x86_64-fedora-clang 1.1 76.03 OK
r-devel-linux-x86_64-fedora-gcc 1.1 72.20 OK
r-devel-windows-ix86+x86_64 1.1 14.00 78.00 92.00 OK
r-patched-linux-x86_64 1.1 6.99 48.76 55.75 OK
r-patched-solaris-x86 1.1 95.70 OK
r-release-linux-x86_64 1.1 6.03 49.87 55.90 OK
r-release-macos-x86_64 1.1 ERROR
r-release-windows-ix86+x86_64 1.1 13.00 56.00 69.00 OK
r-oldrel-macos-x86_64 1.1 OK
r-oldrel-windows-ix86+x86_64 1.1 10.00 68.00 78.00 OK

Check Details

Version: 1.1
Check: whether package can be installed
Result: ERROR
    Installation failed.
Flavor: r-release-macos-x86_64