CRAN Package Check Results for Package mobilityIndexR

Last updated on 2021-09-22 08:50:18 CEST.

Flavor Version Tinstall Tcheck Ttotal Status Flags
r-devel-linux-x86_64-debian-clang 0.2.1 2.65 40.54 43.19 OK
r-devel-linux-x86_64-debian-gcc 0.2.1 1.86 30.88 32.74 OK
r-devel-linux-x86_64-fedora-clang 0.2.1 59.68 OK
r-devel-linux-x86_64-fedora-gcc 0.2.1 50.24 OK
r-devel-windows-x86_64 0.2.1 4.00 45.00 49.00 OK
r-devel-windows-x86_64-gcc10-UCRT 0.2.1 ERROR
r-patched-linux-x86_64 0.2.1 2.24 39.38 41.62 OK
r-patched-solaris-x86 0.2.1 70.30 OK
r-release-linux-x86_64 0.2.1 2.15 39.01 41.16 OK
r-release-macos-arm64 0.2.1 OK
r-release-macos-x86_64 0.2.1 OK
r-release-windows-ix86+x86_64 0.2.1 6.00 46.00 52.00 OK
r-oldrel-macos-x86_64 0.2.1 OK
r-oldrel-windows-ix86+x86_64 0.2.1 17.00 45.00 62.00 OK

Check Details

Version: 0.2.1
Check: PDF version of manual
Result: WARN
    LaTeX errors when creating PDF version.
    This typically indicates Rd problems.
Flavor: r-devel-windows-x86_64-gcc10-UCRT

Version: 0.2.1
Check: PDF version of manual without hyperrefs or index
Result: ERROR
    Re-running with no redirection of stdout/stderr.
Flavor: r-devel-windows-x86_64-gcc10-UCRT