CRAN Package Check Results for Package mnormpow

Last updated on 2020-10-28 07:49:50 CET.

Flavor Version Tinstall Tcheck Ttotal Status Flags
r-devel-linux-x86_64-debian-clang 0.1.1 3.05 18.95 22.00 NOTE
r-devel-linux-x86_64-debian-gcc 0.1.1 2.45 14.60 17.05 NOTE
r-devel-linux-x86_64-fedora-clang 0.1.1 35.63 NOTE
r-devel-linux-x86_64-fedora-gcc 0.1.1 26.04 NOTE
r-devel-windows-ix86+x86_64 0.1.1 8.00 37.00 45.00 NOTE
r-patched-linux-x86_64 0.1.1 NOTE
r-patched-solaris-x86 0.1.1 39.90 NOTE
r-release-linux-x86_64 0.1.1 2.65 17.86 20.51 NOTE
r-release-macos-x86_64 0.1.1 NOTE
r-release-windows-ix86+x86_64 0.1.1 8.00 30.00 38.00 NOTE
r-oldrel-macos-x86_64 0.1.1 NOTE
r-oldrel-windows-ix86+x86_64 0.1.1 8.00 45.00 53.00 NOTE

Additional issues

valgrind

Check Details

Version: 0.1.1
Check: R code for possible problems
Result: NOTE
    sadmvng: no visible global function definition for 'cov2cor'
    sadmvng: no visible global function definition for 'pnorm'
    Undefined global functions or variables:
     cov2cor pnorm
    Consider adding
     importFrom("stats", "cov2cor", "pnorm")
    to your NAMESPACE file.
Flavors: r-devel-linux-x86_64-debian-clang, r-devel-linux-x86_64-debian-gcc, r-devel-linux-x86_64-fedora-clang, r-devel-linux-x86_64-fedora-gcc, r-devel-windows-ix86+x86_64, r-patched-linux-x86_64, r-patched-solaris-x86, r-release-linux-x86_64, r-release-macos-x86_64, r-release-windows-ix86+x86_64, r-oldrel-macos-x86_64, r-oldrel-windows-ix86+x86_64

Version: 0.1.1
Check: compiled code
Result: NOTE
    File ‘mnormpow/libs/mnormpow.so’:
     Found no calls to: ‘R_registerRoutines’, ‘R_useDynamicSymbols’
    
    It is good practice to register native routines and to disable symbol
    search.
    
    See ‘Writing portable packages’ in the ‘Writing R Extensions’ manual.
Flavors: r-devel-linux-x86_64-fedora-clang, r-devel-linux-x86_64-fedora-gcc