Last updated on 2023-09-23 20:53:09 CEST.
Flavor | Version | Tinstall | Tcheck | Ttotal | Status | Flags |
---|---|---|---|---|---|---|
r-devel-linux-x86_64-debian-clang | 1.20 | 11.34 | 79.47 | 90.81 | OK | |
r-devel-linux-x86_64-debian-gcc | 1.20 | 7.44 | 61.07 | 68.51 | OK | |
r-devel-linux-x86_64-fedora-clang | 1.20 | 109.49 | NOTE | |||
r-devel-linux-x86_64-fedora-gcc | 1.20 | 109.87 | OK | |||
r-devel-windows-x86_64 | 1.20 | 13.00 | 75.00 | 88.00 | OK | |
r-patched-linux-x86_64 | 1.20 | 8.02 | 76.52 | 84.54 | OK | |
r-release-linux-x86_64 | 1.20 | 9.98 | 78.34 | 88.32 | OK | |
r-release-macos-arm64 | 1.20 | 34.00 | OK | |||
r-release-macos-x86_64 | 1.20 | 55.00 | OK | |||
r-release-windows-x86_64 | 1.20 | 11.00 | 85.00 | 96.00 | OK | |
r-oldrel-macos-arm64 | 1.20 | 34.00 | OK | |||
r-oldrel-macos-x86_64 | 1.20 | 47.00 | OK | |||
r-oldrel-windows-x86_64 | 1.20 | 11.00 | 87.00 | 98.00 | OK |
Version: 1.20
Check: Rd cross-references
Result: NOTE
Undeclared package ‘geeM’ in Rd xrefs
Flavor: r-devel-linux-x86_64-fedora-clang