CRAN Package Check Results for Package mmaqshiny

Last updated on 2021-12-05 07:49:16 CET.

Flavor Version Tinstall Tcheck Ttotal Status Flags
r-devel-linux-x86_64-debian-clang 1.0.0 2.69 28.24 30.93 NOTE
r-devel-linux-x86_64-debian-gcc 1.0.0 2.33 22.59 24.92 NOTE
r-devel-linux-x86_64-fedora-clang 1.0.0 39.37 NOTE
r-devel-linux-x86_64-fedora-gcc 1.0.0 27.68 NOTE
r-devel-windows-x86_64-new-UL 1.0.0 13.00 57.00 70.00 NOTE
r-devel-windows-x86_64-new-TK 1.0.0 NOTE
r-devel-windows-x86_64-old 1.0.0 9.00 28.00 37.00 NOTE
r-patched-linux-x86_64 1.0.0 2.36 19.34 21.70 NOTE
r-release-linux-x86_64 1.0.0 2.43 27.43 29.86 NOTE
r-release-macos-arm64 1.0.0 NOTE
r-release-macos-x86_64 1.0.0 NOTE
r-release-windows-ix86+x86_64 1.0.0 9.00 51.00 60.00 NOTE
r-oldrel-macos-x86_64 1.0.0 NOTE
r-oldrel-windows-ix86+x86_64 1.0.0 9.00 40.00 49.00 NOTE

Check Details

Version: 1.0.0
Check: LazyData
Result: NOTE
     'LazyData' is specified without a 'data' directory
Flavors: r-devel-linux-x86_64-debian-clang, r-devel-linux-x86_64-debian-gcc, r-devel-linux-x86_64-fedora-clang, r-devel-linux-x86_64-fedora-gcc, r-devel-windows-x86_64-new-UL, r-devel-windows-x86_64-new-TK, r-devel-windows-x86_64-old, r-patched-linux-x86_64, r-release-linux-x86_64, r-release-macos-arm64, r-release-macos-x86_64, r-release-windows-ix86+x86_64

Version: 1.0.0
Check: installed package size
Result: NOTE
     installed size is 15.7Mb
     sub-directories of 1Mb or more:
     images 1.1Mb
     shiny 14.5Mb
Flavors: r-devel-linux-x86_64-fedora-clang, r-devel-windows-x86_64-new-UL, r-devel-windows-x86_64-old, r-release-macos-arm64, r-release-macos-x86_64, r-release-windows-ix86+x86_64, r-oldrel-macos-x86_64, r-oldrel-windows-ix86+x86_64

Version: 1.0.0
Check: dependencies in R code
Result: NOTE
    Namespaces in Imports field not imported from:
     ‘Cairo’ ‘DT’ ‘XML’ ‘caTools’ ‘data.table’ ‘dplyr’ ‘ggplot2’
     ‘htmltools’ ‘leaflet’ ‘lubridate’ ‘plotly’ ‘shinyjs’ ‘stringr’ ‘xts’
     ‘zoo’
     All declared Imports should be used.
Flavors: r-devel-linux-x86_64-fedora-clang, r-devel-linux-x86_64-fedora-gcc, r-devel-windows-x86_64-new-TK, r-release-macos-arm64, r-release-macos-x86_64, r-oldrel-macos-x86_64