CRAN Package Check Results for Package mlrMBO

Last updated on 2021-12-09 07:50:17 CET.

Flavor Version Tinstall Tcheck Ttotal Status Flags
r-devel-linux-x86_64-debian-clang 1.1.5 19.49 343.28 362.77 NOTE
r-devel-linux-x86_64-debian-gcc 1.1.5 16.17 253.42 269.59 NOTE
r-devel-linux-x86_64-fedora-clang 1.1.5 435.32 NOTE
r-devel-linux-x86_64-fedora-gcc 1.1.5 433.00 NOTE
r-devel-windows-x86_64-new-UL 1.1.5 43.00 415.00 458.00 NOTE
r-devel-windows-x86_64-new-TK 1.1.5 NOTE
r-devel-windows-x86_64-old 1.1.5 32.00 256.00 288.00 NOTE
r-patched-linux-x86_64 1.1.5 14.05 327.53 341.58 NOTE
r-release-linux-x86_64 1.1.5 19.68 331.46 351.14 NOTE
r-release-macos-arm64 1.1.5 NOTE
r-release-macos-x86_64 1.1.5 NOTE
r-release-windows-ix86+x86_64 1.1.5 29.00 530.00 559.00 NOTE
r-oldrel-macos-x86_64 1.1.5 OK
r-oldrel-windows-ix86+x86_64 1.1.5 43.00 565.00 608.00 OK

Check Details

Version: 1.1.5
Check: LazyData
Result: NOTE
     'LazyData' is specified without a 'data' directory
Flavors: r-devel-linux-x86_64-debian-clang, r-devel-linux-x86_64-debian-gcc, r-devel-linux-x86_64-fedora-clang, r-devel-linux-x86_64-fedora-gcc, r-devel-windows-x86_64-new-UL, r-devel-windows-x86_64-new-TK, r-devel-windows-x86_64-old, r-patched-linux-x86_64, r-release-linux-x86_64, r-release-macos-arm64, r-release-macos-x86_64, r-release-windows-ix86+x86_64