Last updated on 2023-09-21 20:54:50 CEST.
Flavor | Version | Tinstall | Tcheck | Ttotal | Status | Flags |
---|---|---|---|---|---|---|
r-devel-linux-x86_64-debian-clang | 0.19.0 | 10.62 | 528.93 | 539.55 | ERROR | |
r-devel-linux-x86_64-debian-gcc | 0.19.0 | 8.44 | 404.78 | 413.22 | OK | |
r-devel-linux-x86_64-fedora-clang | 0.19.0 | 663.51 | OK | |||
r-devel-linux-x86_64-fedora-gcc | 0.19.0 | 658.32 | OK | |||
r-devel-windows-x86_64 | 0.19.0 | 10.00 | 251.00 | 261.00 | OK | |
r-patched-linux-x86_64 | 0.19.0 | 18.01 | 522.65 | 540.66 | OK | |
r-release-linux-x86_64 | 0.19.0 | 9.01 | 523.64 | 532.65 | OK | |
r-release-macos-arm64 | 0.19.0 | 119.00 | OK | |||
r-release-macos-x86_64 | 0.19.0 | 268.00 | OK | |||
r-release-windows-x86_64 | 0.19.0 | 12.00 | 352.00 | 364.00 | OK | |
r-oldrel-macos-arm64 | 0.19.0 | 112.00 | OK | |||
r-oldrel-macos-x86_64 | 0.19.0 | 155.00 | OK | |||
r-oldrel-windows-x86_64 | 0.19.0 | 14.00 | 332.00 | 346.00 | OK |
Version: 0.19.0
Check: package dependencies
Result: NOTE
Package suggested but not available for checking: ‘GenSA’
Flavor: r-devel-linux-x86_64-debian-clang
Version: 0.19.0
Check: examples
Result: ERROR
Running examples in ‘mlr3tuning-Ex.R’ failed
The error most likely occurred in:
> base::assign(".ptime", proc.time(), pos = "CheckExEnv")
> ### Name: mlr_tuners_gensa
> ### Title: Hyperparameter Tuning with Generalized Simulated Annealing
> ### Aliases: mlr_tuners_gensa TunerGenSA
>
> ### ** Examples
>
> # Hyperparameter Optimization
>
> # load learner and set search space
> learner = lrn("classif.rpart",
+ cp = to_tune(1e-04, 1e-1, logscale = TRUE)
+ )
>
> # run hyperparameter tuning on the Palmer Penguins data set
> instance = tune(
+ tuner = tnr("gensa"),
+ task = tsk("penguins"),
+ learner = learner,
+ resampling = rsmp("holdout"),
+ measure = msr("classif.ce"),
+ term_evals = 10
+ )
Warning: Package 'GenSA' required but not installed for Optimizer '<OptimizerGenSA>'
Warning: Package 'GenSA' required but not installed for Tuner '<TunerGenSA>'
Error: The following packages could not be loaded: GenSA
Execution halted
Flavor: r-devel-linux-x86_64-debian-clang