CRAN Package Check Results for Package mlr3tuning

Last updated on 2021-09-23 08:51:08 CEST.

Flavor Version Tinstall Tcheck Ttotal Status Flags
r-devel-linux-x86_64-debian-clang 0.9.0 10.47 441.26 451.73 OK
r-devel-linux-x86_64-debian-gcc 0.9.0 7.53 323.51 331.04 OK
r-devel-linux-x86_64-fedora-clang 0.9.0 508.80 NOTE
r-devel-linux-x86_64-fedora-gcc 0.9.0 500.30 NOTE
r-devel-windows-x86_64 0.9.0 10.00 229.00 239.00 OK
r-devel-windows-x86_64-gcc10-UCRT 0.9.0 ERROR
r-patched-linux-x86_64 0.9.0 13.30 417.84 431.14 OK
r-patched-solaris-x86 0.9.0 640.00 NOTE
r-release-linux-x86_64 0.9.0 8.02 414.19 422.21 OK
r-release-macos-arm64 0.9.0 NOTE
r-release-macos-x86_64 0.9.0 NOTE
r-release-windows-ix86+x86_64 0.9.0 14.00 280.00 294.00 OK
r-oldrel-macos-x86_64 0.9.0 NOTE
r-oldrel-windows-ix86+x86_64 0.9.0 14.00 246.00 260.00 OK

Check Details

Version: 0.9.0
Check: dependencies in R code
Result: NOTE
    Namespace in Imports field not imported from: ‘digest’
     All declared Imports should be used.
Flavors: r-devel-linux-x86_64-fedora-clang, r-devel-linux-x86_64-fedora-gcc, r-devel-windows-x86_64-gcc10-UCRT, r-patched-solaris-x86, r-release-macos-arm64, r-release-macos-x86_64, r-oldrel-macos-x86_64

Version: 0.9.0
Check: PDF version of manual
Result: WARN
    LaTeX errors when creating PDF version.
    This typically indicates Rd problems.
Flavor: r-devel-windows-x86_64-gcc10-UCRT

Version: 0.9.0
Check: PDF version of manual without hyperrefs or index
Result: ERROR
    Re-running with no redirection of stdout/stderr.
Flavor: r-devel-windows-x86_64-gcc10-UCRT