Last updated on 2023-01-27 08:52:42 CET.
Flavor | Version | Tinstall | Tcheck | Ttotal | Status | Flags |
---|---|---|---|---|---|---|
r-devel-linux-x86_64-debian-clang | 2.19.1 | 37.30 | 306.94 | 344.24 | OK | |
r-devel-linux-x86_64-debian-gcc | 2.19.1 | 31.99 | 223.00 | 254.99 | OK | |
r-devel-linux-x86_64-fedora-clang | 2.19.1 | 467.34 | OK | |||
r-devel-linux-x86_64-fedora-gcc | 2.19.1 | 438.43 | OK | |||
r-patched-linux-x86_64 | 2.19.1 | 54.91 | 267.66 | 322.57 | OK | |
r-release-linux-x86_64 | 2.19.1 | 37.76 | 268.55 | 306.31 | OK | |
r-release-macos-arm64 | 2.19.1 | 110.00 | NOTE | |||
r-release-macos-x86_64 | 2.19.1 | 136.00 | NOTE | |||
r-release-windows-x86_64 | 2.19.1 | 280.00 | 352.00 | 632.00 | OK | |
r-oldrel-macos-arm64 | 2.19.1 | 99.00 | NOTE | |||
r-oldrel-macos-x86_64 | 2.19.1 | 141.00 | NOTE | |||
r-oldrel-windows-ix86+x86_64 | 2.19.1 | 75.00 | 421.00 | 496.00 | OK |
Version: 2.19.1
Check: package dependencies
Result: NOTE
Package suggested but not available for checking: ‘Rmpi’
Flavors: r-release-macos-arm64, r-release-macos-x86_64, r-oldrel-macos-arm64, r-oldrel-macos-x86_64
Version: 2.19.1
Check: installed package size
Result: NOTE
installed size is 5.6Mb
sub-directories of 1Mb or more:
R 2.1Mb
data 2.3Mb
Flavors: r-release-macos-arm64, r-oldrel-macos-arm64