CRAN Package Check Results for Package mlflow

Last updated on 2019-08-21 10:47:31 CEST.

Flavor Version Tinstall Tcheck Ttotal Status Flags
r-devel-linux-x86_64-debian-clang 1.2.0 9.71 64.24 73.95 OK
r-devel-linux-x86_64-debian-gcc 1.2.0 7.25 52.47 59.72 OK
r-devel-linux-x86_64-fedora-clang 1.2.0 89.91 NOTE
r-devel-linux-x86_64-fedora-gcc 1.2.0 63.52 NOTE
r-devel-windows-ix86+x86_64 1.2.0 29.00 107.00 136.00 OK
r-patched-linux-x86_64 1.1.0 8.22 62.75 70.97 OK
r-patched-solaris-x86 1.2.0 135.50 NOTE
r-release-linux-x86_64 1.1.0 8.56 63.34 71.90 OK
r-release-windows-ix86+x86_64 1.2.0 17.00 78.00 95.00 OK
r-release-osx-x86_64 1.2.0 NOTE
r-oldrel-windows-ix86+x86_64 1.1.0 15.00 104.00 119.00 OK
r-oldrel-osx-x86_64 1.2.0 NOTE

Check Details

Version: 1.2.0
Check: dependencies in R code
Result: NOTE
    Namespace in Imports field not imported from: ‘xml2’
     All declared Imports should be used.
Flavors: r-devel-linux-x86_64-fedora-clang, r-devel-linux-x86_64-fedora-gcc, r-patched-solaris-x86, r-release-osx-x86_64, r-oldrel-osx-x86_64