CRAN Package Check Results for Package mlflow

Last updated on 2019-12-07 08:49:33 CET.

Flavor Version Tinstall Tcheck Ttotal Status Flags
r-devel-linux-x86_64-debian-clang 1.4.0 8.33 70.67 79.00 OK
r-devel-linux-x86_64-debian-gcc 1.4.0 7.00 54.55 61.55 OK
r-devel-linux-x86_64-fedora-clang 1.4.0 89.60 NOTE
r-devel-linux-x86_64-fedora-gcc 1.4.0 89.83 NOTE
r-devel-windows-ix86+x86_64 1.4.0 18.00 116.00 134.00 OK
r-devel-windows-ix86+x86_64-gcc8 1.4.0 19.00 132.00 151.00 OK
r-patched-linux-x86_64 1.4.0 7.83 63.50 71.33 OK
r-patched-solaris-x86 1.4.0 136.10 NOTE
r-release-linux-x86_64 1.4.0 8.55 64.02 72.57 OK
r-release-windows-ix86+x86_64 1.4.0 16.00 68.00 84.00 OK
r-release-osx-x86_64 1.4.0 NOTE
r-oldrel-windows-ix86+x86_64 1.4.0 9.00 107.00 116.00 OK
r-oldrel-osx-x86_64 1.4.0 NOTE

Check Details

Version: 1.4.0
Check: dependencies in R code
Result: NOTE
    Namespace in Imports field not imported from: ‘xml2’
     All declared Imports should be used.
Flavors: r-devel-linux-x86_64-fedora-clang, r-devel-linux-x86_64-fedora-gcc, r-patched-solaris-x86, r-release-osx-x86_64, r-oldrel-osx-x86_64