CRAN Package Check Results for Package mleap

Last updated on 2019-08-23 10:48:17 CEST.

Flavor Version Tinstall Tcheck Ttotal Status Flags
r-devel-linux-x86_64-debian-clang 0.1.3 6.94 57.67 64.61 OK
r-devel-linux-x86_64-debian-gcc 0.1.3 5.72 44.24 49.96 OK
r-devel-linux-x86_64-fedora-clang 0.1.3 75.36 OK
r-devel-linux-x86_64-fedora-gcc 0.1.3 74.12 OK
r-devel-windows-ix86+x86_64 0.1.3 10.00 7.00 17.00 ERROR
r-patched-linux-x86_64 0.1.3 6.75 55.11 61.86 OK
r-patched-solaris-x86 0.1.3 120.20 OK
r-release-linux-x86_64 0.1.3 5.56 54.52 60.08 OK
r-release-windows-ix86+x86_64 0.1.3 24.00 102.00 126.00 OK
r-release-osx-x86_64 0.1.3 OK
r-oldrel-windows-ix86+x86_64 0.1.3 12.00 98.00 110.00 OK
r-oldrel-osx-x86_64 0.1.3 OK

Check Details

Version: 0.1.3
Check: whether package can be installed
Result: ERROR
    Installation failed.
Flavor: r-devel-windows-ix86+x86_64