Last updated on 2023-06-05 21:59:12 CEST.
Flavor | Version | Tinstall | Tcheck | Ttotal | Status | Flags |
---|---|---|---|---|---|---|
r-devel-linux-x86_64-debian-clang | 1.0.0 | 2.02 | 36.94 | 38.96 | NOTE | |
r-devel-linux-x86_64-debian-gcc | 1.0.0 | 1.64 | 28.39 | 30.03 | NOTE | |
r-devel-linux-x86_64-fedora-clang | 1.0.0 | 49.38 | NOTE | |||
r-devel-linux-x86_64-fedora-gcc | 1.0.0 | 46.71 | NOTE | |||
r-devel-windows-x86_64 | 1.0.0 | 2.00 | 48.00 | 50.00 | NOTE | |
r-patched-linux-x86_64 | 1.0.0 | 1.67 | 35.39 | 37.06 | NOTE | |
r-release-linux-x86_64 | 1.0.0 | 2.06 | 36.04 | 38.10 | NOTE | |
r-release-macos-arm64 | 1.0.0 | 18.00 | NOTE | |||
r-release-macos-x86_64 | 1.0.0 | 27.00 | NOTE | |||
r-release-windows-x86_64 | 1.0.0 | 3.00 | 53.00 | 56.00 | NOTE | |
r-oldrel-macos-arm64 | 1.0.0 | 20.00 | OK | |||
r-oldrel-macos-x86_64 | 1.0.0 | 26.00 | OK | |||
r-oldrel-windows-x86_64 | 1.0.0 | 3.00 | 57.00 | 60.00 | OK |
Version: 1.0.0
Check: package subdirectories
Result: NOTE
Problems with news in ‘NEWS.md’:
No news entries found.
Flavors: r-devel-linux-x86_64-debian-clang, r-devel-linux-x86_64-debian-gcc, r-devel-linux-x86_64-fedora-clang, r-devel-linux-x86_64-fedora-gcc, r-devel-windows-x86_64, r-patched-linux-x86_64, r-release-linux-x86_64, r-release-macos-arm64, r-release-macos-x86_64, r-release-windows-x86_64