CRAN Package Check Results for Package mizer

Last updated on 2024-03-03 19:56:27 CET.

Flavor Version Tinstall Tcheck Ttotal Status Flags
r-devel-linux-x86_64-debian-clang 2.5.0 39.15 260.32 299.47 NOTE
r-devel-linux-x86_64-debian-gcc 2.5.0 25.46 189.77 215.23 NOTE
r-devel-linux-x86_64-fedora-clang 2.5.0 392.94 NOTE
r-devel-linux-x86_64-fedora-gcc 2.5.0 350.05 NOTE
r-devel-windows-x86_64 2.5.0 31.00 264.00 295.00 NOTE --no-vignettes
r-patched-linux-x86_64 2.5.0 48.80 250.93 299.73 OK
r-release-linux-x86_64 2.5.0 25.19 251.68 276.87 OK
r-release-macos-arm64 2.5.0 90.00 OK
r-release-macos-x86_64 2.5.0 191.00 OK
r-release-windows-x86_64 2.5.0 48.00 264.00 312.00 OK --no-vignettes
r-oldrel-macos-arm64 2.5.0 93.00 OK
r-oldrel-windows-x86_64 2.5.0 43.00 244.00 287.00 OK --no-vignettes

Check Details

Version: 2.5.0
Check: package vignettes
Result: NOTE Package has ‘vignettes’ subdirectory but apparently no vignettes. Perhaps the ‘VignetteBuilder’ information is missing from the DESCRIPTION file? Flavors: r-devel-linux-x86_64-debian-clang, r-devel-linux-x86_64-debian-gcc, r-devel-linux-x86_64-fedora-clang, r-devel-linux-x86_64-fedora-gcc

Version: 2.5.0
Flags: --no-vignettes
Check: package vignettes
Result: NOTE Package has 'vignettes' subdirectory but apparently no vignettes. Perhaps the 'VignetteBuilder' information is missing from the DESCRIPTION file? Flavor: r-devel-windows-x86_64