Last updated on 2023-02-01 07:53:09 CET.
Flavor | Version | Tinstall | Tcheck | Ttotal | Status | Flags |
---|---|---|---|---|---|---|
r-devel-linux-x86_64-debian-clang | 1.2.0 | 11.33 | 66.80 | 78.13 | OK | |
r-devel-linux-x86_64-debian-gcc | 1.2.0 | 7.48 | 49.73 | 57.21 | OK | |
r-devel-linux-x86_64-fedora-clang | 1.2.0 | 99.46 | NOTE | |||
r-devel-linux-x86_64-fedora-gcc | 1.2.0 | 96.06 | NOTE | |||
r-devel-windows-x86_64 | 1.2.0 | 15.00 | 97.00 | 112.00 | OK | |
r-patched-linux-x86_64 | 1.2.0 | 7.87 | 67.81 | 75.68 | OK | |
r-release-linux-x86_64 | 1.2.0 | 12.35 | 68.41 | 80.76 | OK | |
r-release-macos-arm64 | 1.2.0 | 30.00 | NOTE | |||
r-release-macos-x86_64 | 1.2.0 | 50.00 | NOTE | |||
r-release-windows-x86_64 | 1.2.0 | 20.00 | 108.00 | 128.00 | OK | |
r-oldrel-macos-arm64 | 1.2.0 | 39.00 | NOTE | |||
r-oldrel-macos-x86_64 | 1.2.0 | 42.00 | NOTE | |||
r-oldrel-windows-ix86+x86_64 | 1.2.0 | 21.00 | 93.00 | 114.00 | OK |
Version: 1.2.0
Check: dependencies in R code
Result: NOTE
Namespace in Imports field not imported from: ‘RColorBrewer’
All declared Imports should be used.
Flavors: r-devel-linux-x86_64-fedora-clang, r-devel-linux-x86_64-fedora-gcc, r-release-macos-arm64, r-release-macos-x86_64, r-oldrel-macos-arm64, r-oldrel-macos-x86_64