CRAN Package Check Results for Package mixhvg

Last updated on 2024-03-04 07:48:33 CET.

Flavor Version Tinstall Tcheck Ttotal Status Flags
r-devel-linux-x86_64-debian-clang 0.1.1 63.60 519.72 583.32 NOTE
r-devel-linux-x86_64-debian-gcc 0.1.1 49.87 388.95 438.82 NOTE
r-devel-linux-x86_64-fedora-clang 0.1.1 758.76 NOTE
r-devel-linux-x86_64-fedora-gcc 0.1.1 756.95 NOTE
r-devel-windows-x86_64 0.1.1 52.00 338.00 390.00 NOTE
r-patched-linux-x86_64 0.1.1 61.97 510.97 572.94 OK
r-release-linux-x86_64 0.1.1 40.12 512.60 552.72 OK
r-release-macos-arm64 0.1.1 5.00 ERROR
r-release-macos-x86_64 0.1.1 298.00 OK
r-release-windows-x86_64 0.1.1 73.00 423.00 496.00 OK
r-oldrel-macos-arm64 0.1.1 13.00 ERROR
r-oldrel-windows-x86_64 0.1.1 68.00 420.00 488.00 OK

Check Details

Version: 0.1.1
Check: Rd files
Result: NOTE checkRd: (-1) FindVariableFeaturesMix.Rd:23: Lost braces in \itemize; meant \describe ? checkRd: (-1) FindVariableFeaturesMix.Rd:24: Lost braces in \itemize; meant \describe ? checkRd: (-1) FindVariableFeaturesMix.Rd:25: Lost braces in \itemize; meant \describe ? checkRd: (-1) FindVariableFeaturesMix.Rd:26: Lost braces in \itemize; meant \describe ? checkRd: (-1) FindVariableFeaturesMix.Rd:27: Lost braces in \itemize; meant \describe ? checkRd: (-1) FindVariableFeaturesMix.Rd:28: Lost braces in \itemize; meant \describe ? checkRd: (-1) FindVariableFeaturesMix.Rd:29: Lost braces in \itemize; meant \describe ? checkRd: (-1) FindVariableFeaturesMix.Rd:30: Lost braces in \itemize; meant \describe ? checkRd: (-1) FindVariableFeaturesMix.Rd:31: Lost braces in \itemize; meant \describe ? checkRd: (-1) FindVariableFeaturesMix.Rd:32: Lost braces in \itemize; meant \describe ? checkRd: (-1) FindVariableFeaturesMix.Rd:33: Lost braces in \itemize; meant \describe ? checkRd: (-1) FindVariableFeaturesMix.Rd:34: Lost braces in \itemize; meant \describe ? checkRd: (-1) FindVariableFeaturesMix.Rd:35: Lost braces in \itemize; meant \describe ? checkRd: (-1) FindVariableFeaturesMix.Rd:36: Lost braces in \itemize; meant \describe ? checkRd: (-1) FindVariableFeaturesMix.Rd:37: Lost braces in \itemize; meant \describe ? checkRd: (-1) FindVariableFeaturesMix.Rd:38: Lost braces in \itemize; meant \describe ? checkRd: (-1) FindVariableFeaturesMix.Rd:39: Lost braces in \itemize; meant \describe ? checkRd: (-1) FindVariableFeaturesMix.Rd:52: Lost braces in \itemize; meant \describe ? checkRd: (-1) FindVariableFeaturesMix.Rd:53: Lost braces in \itemize; meant \describe ? Flavors: r-devel-linux-x86_64-debian-clang, r-devel-linux-x86_64-debian-gcc, r-devel-linux-x86_64-fedora-clang, r-devel-linux-x86_64-fedora-gcc, r-devel-windows-x86_64

Version: 0.1.1
Check: package dependencies
Result: ERROR Package required but not available: ‘scran’ See section ‘The DESCRIPTION file’ in the ‘Writing R Extensions’ manual. Flavors: r-release-macos-arm64, r-oldrel-macos-arm64