Last updated on 2023-03-30 08:53:43 CEST.
Flavor | Version | Tinstall | Tcheck | Ttotal | Status | Flags |
---|---|---|---|---|---|---|
r-devel-linux-x86_64-debian-clang | 1.1.2 | 184.28 | 84.77 | 269.05 | OK | |
r-devel-linux-x86_64-debian-gcc | 1.1.2 | 139.87 | 64.85 | 204.72 | OK | |
r-devel-linux-x86_64-fedora-clang | 1.1.2 | 405.76 | OK | |||
r-devel-linux-x86_64-fedora-gcc | 1.1.2 | 357.79 | OK | |||
r-devel-windows-x86_64 | 1.1.2 | 147.00 | 0.00 | 147.00 | OK | |
r-patched-linux-x86_64 | 1.1.2 | 147.70 | 79.06 | 226.76 | OK | |
r-release-linux-x86_64 | 1.1.2 | 141.63 | 78.96 | 220.59 | OK | |
r-release-macos-arm64 | 1.1.2 | 82.00 | NOTE | |||
r-release-macos-x86_64 | 1.1.2 | 109.00 | OK | |||
r-release-windows-x86_64 | 1.1.2 | 150.00 | 153.00 | 303.00 | OK | |
r-oldrel-macos-arm64 | 1.1.2 | 99.00 | NOTE | |||
r-oldrel-macos-x86_64 | 1.1.2 | 152.00 | OK | |||
r-oldrel-windows-ix86+x86_64 | 1.1.2 | 430.00 | 161.00 | 591.00 | OK |
Version: 1.1.2
Check: installed package size
Result: NOTE
installed size is 5.9Mb
sub-directories of 1Mb or more:
libs 5.4Mb
Flavors: r-release-macos-arm64, r-oldrel-macos-arm64