Last updated on 2022-05-18 21:53:20 CEST.
Flavor | Version | Tinstall | Tcheck | Ttotal | Status | Flags |
---|---|---|---|---|---|---|
r-devel-linux-x86_64-debian-clang | 1.0.2 | 171.74 | 91.95 | 263.69 | OK | |
r-devel-linux-x86_64-debian-gcc | 1.0.2 | 132.20 | 71.51 | 203.71 | WARN | |
r-devel-linux-x86_64-fedora-clang | 1.0.2 | 392.23 | NOTE | |||
r-devel-linux-x86_64-fedora-gcc | 1.0.2 | 343.59 | OK | |||
r-devel-windows-x86_64 | 1.0.2 | 139.00 | 133.00 | 272.00 | OK | |
r-patched-linux-x86_64 | 1.0.2 | 145.07 | 90.66 | 235.73 | OK | |
r-release-linux-x86_64 | 1.0.2 | 147.76 | 91.30 | 239.06 | OK | |
r-release-macos-arm64 | 1.0.2 | 85.00 | NOTE | |||
r-release-macos-x86_64 | 1.0.2 | 138.00 | NOTE | |||
r-release-windows-x86_64 | 1.0.2 | 137.00 | 132.00 | 269.00 | OK | |
r-oldrel-macos-arm64 | 1.0.2 | 94.00 | NOTE | |||
r-oldrel-macos-x86_64 | 1.0.2 | 139.00 | NOTE | |||
r-oldrel-windows-ix86+x86_64 | 1.0.2 | 421.00 | 156.00 | 577.00 | OK |
Version: 1.0.2
Check: whether package can be installed
Result: WARN
Found the following significant warnings:
/usr/include/x86_64-linux-gnu/bits/string_fortified.h:59:33: warning: ‘void* __builtin_memset(void*, int, long unsigned int)’ forming offset [176, 183] is out of the bounds [0, 176] of object ‘b’ with type ‘arma::vec’ {aka ‘arma::Col<double>’} [-Warray-bounds]
Flavor: r-devel-linux-x86_64-debian-gcc
Version: 1.0.2
Check: installed package size
Result: NOTE
installed size is 6.0Mb
sub-directories of 1Mb or more:
libs 5.8Mb
Flavors: r-devel-linux-x86_64-fedora-clang, r-release-macos-arm64, r-release-macos-x86_64, r-oldrel-macos-arm64, r-oldrel-macos-x86_64