CRAN Package Check Results for Package missingHE

Last updated on 2023-05-29 09:55:59 CEST.

Flavor Version Tinstall Tcheck Ttotal Status Flags
r-devel-linux-x86_64-debian-clang 1.5.0 35.03 616.82 651.85 OK
r-devel-linux-x86_64-debian-gcc 1.5.0 27.69 455.84 483.53 OK
r-devel-linux-x86_64-fedora-clang 1.5.0 533.88 NOTE
r-devel-linux-x86_64-fedora-gcc 1.5.0 530.92 NOTE
r-devel-windows-x86_64 1.5.0 27.00 435.00 462.00 OK
r-patched-linux-x86_64 1.5.0 36.74 590.07 626.81 OK
r-release-linux-x86_64 1.5.0 30.65 590.71 621.36 OK
r-release-macos-arm64 1.5.0 218.00 OK
r-release-macos-x86_64 1.5.0 379.00 OK
r-release-windows-x86_64 1.5.0 39.00 591.00 630.00 OK
r-oldrel-macos-arm64 1.5.0 114.00 OK
r-oldrel-macos-x86_64 1.5.0 251.00 OK
r-oldrel-windows-x86_64 1.5.0 38.00 572.00 610.00 OK

Check Details

Version: 1.5.0
Check: dependencies in R code
Result: NOTE
    Namespace in Imports field not imported from: ‘mcmcr’
     All declared Imports should be used.
Flavors: r-devel-linux-x86_64-fedora-clang, r-devel-linux-x86_64-fedora-gcc