Last updated on 2022-05-16 21:50:25 CEST.
Flavor | Version | Tinstall | Tcheck | Ttotal | Status | Flags |
---|---|---|---|---|---|---|
r-devel-linux-x86_64-debian-clang | 1.4.1 | 23.03 | 356.06 | 379.09 | OK | |
r-devel-linux-x86_64-debian-gcc | 1.4.1 | 15.17 | 257.31 | 272.48 | OK | |
r-devel-linux-x86_64-fedora-clang | 1.4.1 | 432.59 | NOTE | |||
r-devel-linux-x86_64-fedora-gcc | 1.4.1 | 421.49 | NOTE | |||
r-devel-windows-x86_64 | 1.4.1 | 42.00 | 354.00 | 396.00 | OK | |
r-patched-linux-x86_64 | 1.4.1 | 26.97 | 338.00 | 364.97 | OK | |
r-release-linux-x86_64 | 1.4.1 | 20.38 | 335.72 | 356.10 | OK | |
r-release-macos-arm64 | 1.4.1 | 79.00 | NOTE | |||
r-release-macos-x86_64 | 1.4.1 | 7.00 | ERROR | |||
r-release-windows-x86_64 | 1.4.1 | 45.00 | 380.00 | 425.00 | OK | |
r-oldrel-macos-arm64 | 1.4.1 | 111.00 | NOTE | |||
r-oldrel-macos-x86_64 | 1.4.1 | 204.00 | NOTE | |||
r-oldrel-windows-ix86+x86_64 | 1.4.1 | 42.00 | 387.00 | 429.00 | OK |
Version: 1.4.1
Check: dependencies in R code
Result: NOTE
Namespace in Imports field not imported from: ‘mcmcr’
All declared Imports should be used.
Flavors: r-devel-linux-x86_64-fedora-clang, r-devel-linux-x86_64-fedora-gcc, r-release-macos-arm64, r-oldrel-macos-arm64, r-oldrel-macos-x86_64
Version: 1.4.1
Check: package dependencies
Result: ERROR
Package required but not available: ‘BCEA’
See section ‘The DESCRIPTION file’ in the ‘Writing R Extensions’
manual.
Flavor: r-release-macos-x86_64