CRAN Package Check Results for Package missRanger

Last updated on 2021-09-20 20:48:51 CEST.

Flavor Version Tinstall Tcheck Ttotal Status Flags
r-devel-linux-x86_64-debian-clang 2.1.3 7.63 99.50 107.13 OK
r-devel-linux-x86_64-debian-gcc 2.1.3 5.86 76.98 82.84 OK
r-devel-linux-x86_64-fedora-clang 2.1.3 130.49 OK
r-devel-linux-x86_64-fedora-gcc 2.1.3 119.45 OK
r-devel-windows-x86_64 2.1.3 9.00 92.00 101.00 OK
r-devel-windows-x86_64-gcc10-UCRT 2.1.3 ERROR
r-patched-linux-x86_64 2.1.3 6.93 102.70 109.63 OK
r-patched-solaris-x86 2.1.3 269.00 OK
r-release-linux-x86_64 2.1.3 5.81 103.39 109.20 OK
r-release-macos-arm64 2.1.3 OK
r-release-macos-x86_64 2.1.3 OK
r-release-windows-ix86+x86_64 2.1.3 17.00 91.00 108.00 OK
r-oldrel-macos-x86_64 2.1.3 OK
r-oldrel-windows-ix86+x86_64 2.1.3 16.00 92.00 108.00 OK

Check Details

Version: 2.1.3
Check: whether package can be installed
Result: WARN
    Found the following significant warnings:
     WARNING: installation-time patches will not be applied, could not get the patches index
Flavor: r-devel-windows-x86_64-gcc10-UCRT

Version: 2.1.3
Check: PDF version of manual
Result: WARN
    LaTeX errors when creating PDF version.
    This typically indicates Rd problems.
Flavor: r-devel-windows-x86_64-gcc10-UCRT

Version: 2.1.3
Check: PDF version of manual without hyperrefs or index
Result: ERROR
    Re-running with no redirection of stdout/stderr.
Flavor: r-devel-windows-x86_64-gcc10-UCRT