CRAN Package Check Results for Package missCompare

Last updated on 2019-08-17 11:47:29 CEST.

Flavor Version Tinstall Tcheck Ttotal Status Flags
r-devel-linux-x86_64-debian-clang 1.0.1 20.02 290.08 310.10 OK
r-devel-linux-x86_64-debian-gcc 1.0.1 16.70 219.40 236.10 OK
r-devel-linux-x86_64-fedora-clang 1.0.1 362.75 OK
r-devel-linux-x86_64-fedora-gcc 1.0.1 346.57 OK
r-devel-windows-ix86+x86_64 1.0.1 66.00 503.00 569.00 OK
r-patched-linux-x86_64 1.0.1 19.22 275.45 294.67 OK
r-patched-solaris-x86 1.0.1 609.60 OK
r-release-linux-x86_64 1.0.1 17.91 274.44 292.35 OK
r-release-windows-ix86+x86_64 1.0.1 41.00 532.00 573.00 OK
r-release-osx-x86_64 1.0.1 ERROR
r-oldrel-windows-ix86+x86_64 1.0.1 48.00 490.00 538.00 OK
r-oldrel-osx-x86_64 1.0.1 OK

Check Details

Version: 1.0.1
Check: package dependencies
Result: ERROR
    Package required but not available: ‘pcaMethods’
    
    See section ‘The DESCRIPTION file’ in the ‘Writing R Extensions’
    manual.
Flavor: r-release-osx-x86_64