CRAN Package Check Results for Package miscFuncs

Last updated on 2021-09-20 08:50:28 CEST.

Flavor Version Tinstall Tcheck Ttotal Status Flags
r-devel-linux-x86_64-debian-clang 1.5-2 4.25 38.25 42.50 OK
r-devel-linux-x86_64-debian-gcc 1.5-2 2.76 30.08 32.84 OK
r-devel-linux-x86_64-fedora-clang 1.5-2 60.40 OK
r-devel-linux-x86_64-fedora-gcc 1.5-2 49.71 OK
r-devel-windows-x86_64 1.5-2 6.00 44.00 50.00 OK
r-devel-windows-x86_64-gcc10-UCRT 1.5-2 ERROR
r-patched-linux-x86_64 1.5-2 4.22 37.46 41.68 OK
r-patched-solaris-x86 1.5-2 78.80 OK
r-release-linux-x86_64 1.5-2 3.98 37.43 41.41 OK
r-release-macos-arm64 1.5-2 OK
r-release-macos-x86_64 1.5-2 OK
r-release-windows-ix86+x86_64 1.5-2 9.00 48.00 57.00 OK
r-oldrel-macos-x86_64 1.5-2 OK
r-oldrel-windows-ix86+x86_64 1.5-2 10.00 43.00 53.00 OK

Check Details

Version: 1.5-2
Check: whether package can be installed
Result: WARN
    Found the following significant warnings:
     WARNING: installation-time patches will not be applied, could not get the patches index
Flavor: r-devel-windows-x86_64-gcc10-UCRT

Version: 1.5-2
Check: PDF version of manual
Result: WARN
    LaTeX errors when creating PDF version.
    This typically indicates Rd problems.
Flavor: r-devel-windows-x86_64-gcc10-UCRT

Version: 1.5-2
Check: PDF version of manual without hyperrefs or index
Result: ERROR
    Re-running with no redirection of stdout/stderr.
Flavor: r-devel-windows-x86_64-gcc10-UCRT