CRAN Package Check Results for Package misc3d

Last updated on 2020-10-30 08:49:08 CET.

Flavor Version Tinstall Tcheck Ttotal Status Flags
r-devel-linux-x86_64-debian-clang 0.9-0 5.97 48.60 54.57 OK
r-devel-linux-x86_64-debian-gcc 0.9-0 4.74 37.68 42.42 OK
r-devel-linux-x86_64-fedora-clang 0.9-0 77.20 NOTE
r-devel-linux-x86_64-fedora-gcc 0.9-0 67.44 OK
r-devel-windows-ix86+x86_64 0.9-0 10.00 76.00 86.00 OK
r-patched-linux-x86_64 0.9-0 6.59 46.26 52.85 OK
r-patched-solaris-x86 0.9-0 95.70 OK
r-release-linux-x86_64 0.9-0 6.53 46.25 52.78 OK
r-release-macos-x86_64 0.9-0 OK
r-release-windows-ix86+x86_64 0.9-0 8.00 75.00 83.00 OK
r-oldrel-macos-x86_64 0.9-0 ERROR
r-oldrel-windows-ix86+x86_64 0.9-0 27.00 66.00 93.00 NOTE

Check Details

Version: 0.9-0
Check: Rd cross-references
Result: NOTE
    Undeclared package ‘scatterplot3d’ in Rd xrefs
Flavor: r-devel-linux-x86_64-fedora-clang

Version: 0.9-0
Check: dependencies in R code
Result: NOTE
    No protocol specified
    No protocol specified
    No protocol specified
    No protocol specified
Flavor: r-oldrel-macos-x86_64

Version: 0.9-0
Check: S3 generic/method consistency
Result: WARN
    No protocol specified
    No protocol specified
    See section ‘Generic functions and methods’ in the ‘Writing R
    Extensions’ manual.
Flavor: r-oldrel-macos-x86_64

Version: 0.9-0
Check: replacement functions
Result: WARN
    No protocol specified
    No protocol specified
    The argument of a replacement function which corresponds to the right
    hand side must be named ‘value’.
Flavor: r-oldrel-macos-x86_64

Version: 0.9-0
Check: foreign function calls
Result: NOTE
    No protocol specified
    No protocol specified
    See chapter ‘System and foreign language interfaces’ in the ‘Writing R
    Extensions’ manual.
Flavor: r-oldrel-macos-x86_64

Version: 0.9-0
Check: R code for possible problems
Result: NOTE
    No protocol specified
    No protocol specified
    render.standard: no visible global function definition for ‘plot’
    Undefined global functions or variables:
     plot
    Consider adding
     importFrom("graphics", "plot")
    to your NAMESPACE file.
Flavor: r-oldrel-macos-x86_64

Version: 0.9-0
Check: for missing documentation entries
Result: WARN
    No protocol specified
    No protocol specified
    All user-level objects in a package should have documentation entries.
    See chapter ‘Writing R documentation files’ in the ‘Writing R
    Extensions’ manual.
Flavor: r-oldrel-macos-x86_64

Version: 0.9-0
Check: for code/documentation mismatches
Result: WARN
    No protocol specified
    No protocol specified
    No protocol specified
    No protocol specified
    No protocol specified
    No protocol specified
Flavor: r-oldrel-macos-x86_64

Version: 0.9-0
Check: Rd \usage sections
Result: NOTE
    No protocol specified
    No protocol specified
    The \usage entries for S3 methods should use the \method markup and not
    their full name.
    See chapter ‘Writing R documentation files’ in the ‘Writing R
    Extensions’ manual.
Flavor: r-oldrel-macos-x86_64

Version: 0.9-0
Check: examples
Result: ERROR
    Running examples in ‘misc3d-Ex.R’ failed
    The error most likely occurred in:
    
    > ### Name: slices3d
    > ### Title: Interactive Image Slices of 3D or 4D Volume Data
    > ### Aliases: slices3d
    > ### Keywords: hplot
    >
    > ### ** Examples
    >
    > #Example 1: View of a mixture of three tri-variate normal densities
    > nmix3 <- function(x, y, z, m, s) {
    + 0.4 * dnorm(x, m, s) * dnorm(y, m, s) * dnorm(z, m, s) +
    + 0.3 * dnorm(x, -m, s) * dnorm(y, -m, s) * dnorm(z, -m, s) +
    + 0.3 * dnorm(x, m, s) * dnorm(y, -1.5 * m, s) * dnorm(z, m, s)
    + }
    > x<-seq(-2, 2, len=40)
    > g<-expand.grid(x = x, y = x, z = x)
    > v<-array(nmix3(g$x,g$y,g$z, .5,.5), c(40,40,40))
    > slices3d(vol1=v, main="View of a mixture of three tri-variate normals", col1=heat.colors(256))
    Loading required namespace: tkrplot
    No protocol specified
    No protocol specified
    Warning: loading Rplot failed
    Error in structure(.External(.C_dotTclObjv, objv), class = "tclObj") :
     [tcl] invalid command name "toplevel".
    Calls: slices3d ... tktoplevel -> tkwidget -> tcl -> .Tcl.objv -> structure
    Execution halted
Flavor: r-oldrel-macos-x86_64

Version: 0.9-0
Check: R code for possible problems
Result: NOTE
    render.standard: no visible global function definition for 'plot'
    Undefined global functions or variables:
     plot
    Consider adding
     importFrom("graphics", "plot")
    to your NAMESPACE file.
Flavor: r-oldrel-windows-ix86+x86_64