CRAN Package Check Results for Package mirtsvd

Last updated on 2021-12-06 19:50:44 CET.

Flavor Version Tinstall Tcheck Ttotal Status Flags
r-devel-linux-x86_64-debian-clang 1.0 2.79 36.47 39.26 NOTE
r-devel-linux-x86_64-debian-gcc 1.0 1.96 29.01 30.97 NOTE
r-devel-linux-x86_64-fedora-clang 1.0 49.63 NOTE
r-devel-linux-x86_64-fedora-gcc 1.0 37.13 NOTE
r-devel-windows-x86_64-new-UL 1.0 7.00 71.00 78.00 NOTE
r-devel-windows-x86_64-new-TK 1.0 NOTE
r-devel-windows-x86_64-old 1.0 5.00 37.00 42.00 NOTE
r-patched-linux-x86_64 1.0 4.52 26.42 30.94 NOTE
r-release-linux-x86_64 1.0 2.55 34.44 36.99 NOTE
r-release-macos-arm64 1.0 NOTE
r-release-macos-x86_64 1.0 NOTE
r-release-windows-ix86+x86_64 1.0 7.00 48.00 55.00 NOTE
r-oldrel-macos-x86_64 1.0 OK
r-oldrel-windows-ix86+x86_64 1.0 7.00 49.00 56.00 OK

Check Details

Version: 1.0
Check: LazyData
Result: NOTE
     'LazyData' is specified without a 'data' directory
Flavors: r-devel-linux-x86_64-debian-clang, r-devel-linux-x86_64-debian-gcc, r-devel-linux-x86_64-fedora-clang, r-devel-linux-x86_64-fedora-gcc, r-devel-windows-x86_64-new-UL, r-devel-windows-x86_64-new-TK, r-devel-windows-x86_64-old, r-patched-linux-x86_64, r-release-linux-x86_64, r-release-macos-arm64, r-release-macos-x86_64, r-release-windows-ix86+x86_64